{"id":1006,"date":"2017-11-06T13:55:13","date_gmt":"2017-11-06T13:55:13","guid":{"rendered":"http:\/\/localhost\/autoconsumo\/?page_id=1006"},"modified":"2018-01-24T15:42:57","modified_gmt":"2018-01-24T15:42:57","slug":"aplicaciones","status":"publish","type":"page","link":"https:\/\/autoconsumo.minenergia.cl\/?page_id=1006","title":{"rendered":"Aplicaciones"},"content":{"rendered":"<p>Los sistemas solares t\u00e9rmicos pueden elevar las temperaturas del fluido calentado hasta el rango de 60\u00b0 y 200\u00b0C dependiendo de la tecnolog\u00eda y los usos que se requieran.<\/p>\n<h3><strong>Uso residencial unifamiliar<\/strong><\/h3>\n<p><img loading=\"lazy\" decoding=\"async\" class=\"alignnone wp-image-1007\" src=\"https:\/\/autoconsumo.minenergia.cl\/wp-content\/uploads\/2017\/11\/Uso-residencial-unifamiliar.jpg\" alt=\"\" width=\"499\" height=\"281\" srcset=\"https:\/\/autoconsumo.minenergia.cl\/wp-content\/uploads\/2017\/11\/Uso-residencial-unifamiliar.jpg 1349w, https:\/\/autoconsumo.minenergia.cl\/wp-content\/uploads\/2017\/11\/Uso-residencial-unifamiliar-300x169.jpg 300w, https:\/\/autoconsumo.minenergia.cl\/wp-content\/uploads\/2017\/11\/Uso-residencial-unifamiliar-768x432.jpg 768w, https:\/\/autoconsumo.minenergia.cl\/wp-content\/uploads\/2017\/11\/Uso-residencial-unifamiliar-1024x576.jpg 1024w, https:\/\/autoconsumo.minenergia.cl\/wp-content\/uploads\/2017\/11\/Uso-residencial-unifamiliar-660x371.jpg 660w\" sizes=\"auto, (max-width: 499px) 100vw, 499px\" \/><br \/>\n<span style=\"font-size: 10pt;\"><strong>Imagen:\u00a0Sistemas solares t\u00e9rmicos de tipo termosif\u00f3n, Proyecto Gua\u00f1acagua lll \u2013 Arica, del Programa de Reconstrucci\u00f3n de Viviendas.<br \/>\nFuente: Ministerio de Energ\u00eda<\/strong><\/span><\/p>\n<p>La mayor\u00eda de los usos residenciales para la generaci\u00f3n de agua caliente sanitaria en forma directa \u00a0se encuentran entre 0\u00b0C y 60\u00b0C, donde las tecnolog\u00edas m\u00e1s id\u00f3neas son sistemas solares t\u00e9rmicos del tipo termosif\u00f3n planos indirectos y, en lugares con menor nivel de radiaci\u00f3n solar, sistemas solares de tubos al vac\u00edo.<\/p>\n<p>Tambi\u00e9n se pueden emplear otras tecnolog\u00edas para el acondicionamiento t\u00e9rmico de recintos (calefacci\u00f3n y aire acondicionado) y calentamiento de piscinas.<\/p>\n<p><img loading=\"lazy\" decoding=\"async\" class=\"alignnone size-full wp-image-1008\" src=\"https:\/\/autoconsumo.minenergia.cl\/wp-content\/uploads\/2017\/11\/sistema-solar-termico-termosifon.png\" alt=\"\" width=\"303\" height=\"294\" srcset=\"https:\/\/autoconsumo.minenergia.cl\/wp-content\/uploads\/2017\/11\/sistema-solar-termico-termosifon.png 303w, https:\/\/autoconsumo.minenergia.cl\/wp-content\/uploads\/2017\/11\/sistema-solar-termico-termosifon-300x291.png 300w\" sizes=\"auto, (max-width: 303px) 100vw, 303px\" \/><br \/>\n<span style=\"font-size: 10pt;\"><strong>Figura: Esquema de un sistema solar t\u00e9rmico termosif\u00f3n.<br \/>\n<\/strong><strong>Fuente: Programa Solar, Sistema Solar T\u00e9rmico Termosif\u00f3n para Viviendas Unifamiliares.<\/strong><\/span><\/p>\n<p>En la figura superior se presenta el uso de un SST para el calentamiento de ACS, este sistema se encuentra en la techumbre y auxiliarmente, durante per\u00edodos de menor radiaci\u00f3n solar, \u00a0recibe a trav\u00e9s de un calef\u00f3n, energ\u00eda para alcanzar las temperaturas necesarias para satisfacer la demanda de calor.<\/p>\n<p>El SST se encuentra conectado en serie, la salida del dep\u00f3sito solar se conecta a la entrada del sistema de apoyo convencional.<\/p>\n<h3><strong>Uso p\u00fablico, comercial y multifamiliar<\/strong><\/h3>\n<p>Mayoritariamente se enfoca en la generaci\u00f3n de agua caliente sanitaria en recintos como edificios residenciales, colegios, hospitales, oficinas, edificios p\u00fablicos, \u00a0centros comerciales, gimnasios y otros recintos con gran afluencia de personas.<\/p>\n<p><img loading=\"lazy\" decoding=\"async\" class=\"alignnone wp-image-1009\" src=\"https:\/\/autoconsumo.minenergia.cl\/wp-content\/uploads\/2017\/11\/sst-en-el-Hospital-de-Victoria-para-ACS.jpg\" alt=\"\" width=\"488\" height=\"274\" srcset=\"https:\/\/autoconsumo.minenergia.cl\/wp-content\/uploads\/2017\/11\/sst-en-el-Hospital-de-Victoria-para-ACS.jpg 1350w, https:\/\/autoconsumo.minenergia.cl\/wp-content\/uploads\/2017\/11\/sst-en-el-Hospital-de-Victoria-para-ACS-300x169.jpg 300w, https:\/\/autoconsumo.minenergia.cl\/wp-content\/uploads\/2017\/11\/sst-en-el-Hospital-de-Victoria-para-ACS-768x432.jpg 768w, https:\/\/autoconsumo.minenergia.cl\/wp-content\/uploads\/2017\/11\/sst-en-el-Hospital-de-Victoria-para-ACS-1024x576.jpg 1024w, https:\/\/autoconsumo.minenergia.cl\/wp-content\/uploads\/2017\/11\/sst-en-el-Hospital-de-Victoria-para-ACS-660x371.jpg 660w\" sizes=\"auto, (max-width: 488px) 100vw, 488px\" \/><br \/>\n<span style=\"font-size: 10pt;\"><strong>Imagen: Sistema Solar T\u00e9rmico en\u00a0 el Hospital de Victoria para ACS.<br \/>\n<\/strong><strong>Fuente: <a href=\"http:\/\/www.energia.gob.cl\/tema-de-interes\/hospital-de-victoria-se-une-la\">Ministerio de Energ\u00eda<\/a><\/strong><\/span><\/p>\n<p><img loading=\"lazy\" decoding=\"async\" class=\"alignnone wp-image-1011\" src=\"https:\/\/autoconsumo.minenergia.cl\/wp-content\/uploads\/2017\/11\/SST-Hospital-Luis-Calvo-Mackenna.jpg\" alt=\"\" width=\"485\" height=\"362\" srcset=\"https:\/\/autoconsumo.minenergia.cl\/wp-content\/uploads\/2017\/11\/SST-Hospital-Luis-Calvo-Mackenna.jpg 686w, https:\/\/autoconsumo.minenergia.cl\/wp-content\/uploads\/2017\/11\/SST-Hospital-Luis-Calvo-Mackenna-300x224.jpg 300w, https:\/\/autoconsumo.minenergia.cl\/wp-content\/uploads\/2017\/11\/SST-Hospital-Luis-Calvo-Mackenna-660x494.jpg 660w\" sizes=\"auto, (max-width: 485px) 100vw, 485px\" \/><br \/>\n<span style=\"font-size: 10pt;\"><strong>Imagen:\u00a0Sistema Solar T\u00e9rmico en Hospital Luis Calvo Mackenna.<br \/>\n<\/strong><strong>Fuente:<a href=\"http:\/\/appsol.cl\/wp-content\/uploads\/2017\/03\/ETD3.PPT-SST-Hospital-LCM.pdf\"> APPSOL<\/a> \u00a0<\/strong><\/span><\/p>\n<p>A su vez, existen sistemas combinados de agua caliente y calefacci\u00f3n de recintos y piscinas, as\u00ed como sistemas de calefacci\u00f3n distrital de gran escala, que si bien en Chile no hay gran desarrollo, existen oportunidades de autoconsumo de energ\u00eda t\u00e9rmica con SST.<\/p>\n<h3><strong>Uso industrial<\/strong><\/h3>\n<p><strong>\u00a0<\/strong>En estos sistemas se utiliza el calor para realizar diversos procesos propios de la industria y manufactura como por ejemplo cocci\u00f3n, deshidrataci\u00f3n y secado, limpieza, esterilizaci\u00f3n, tintura, calentamiento de electrolito para la obtenci\u00f3n de cobre (electroobtenci\u00f3n) hasta procesos qu\u00edmicos o t\u00e9rmicos que requieran temperaturas de hasta 200-250 \u00b0C.<\/p>\n<p><img loading=\"lazy\" decoding=\"async\" class=\"alignnone wp-image-1012\" src=\"https:\/\/autoconsumo.minenergia.cl\/wp-content\/uploads\/2017\/11\/Rango-de-temperatura-estimada.png\" alt=\"\" width=\"618\" height=\"250\" srcset=\"https:\/\/autoconsumo.minenergia.cl\/wp-content\/uploads\/2017\/11\/Rango-de-temperatura-estimada.png 880w, https:\/\/autoconsumo.minenergia.cl\/wp-content\/uploads\/2017\/11\/Rango-de-temperatura-estimada-300x121.png 300w, https:\/\/autoconsumo.minenergia.cl\/wp-content\/uploads\/2017\/11\/Rango-de-temperatura-estimada-768x311.png 768w, https:\/\/autoconsumo.minenergia.cl\/wp-content\/uploads\/2017\/11\/Rango-de-temperatura-estimada-660x267.png 660w\" sizes=\"auto, (max-width: 618px) 100vw, 618px\" \/><br \/>\n<span style=\"font-size: 10pt;\"><strong>Figura: Rango de temperatura estimada para sistemas solares t\u00e9rmicos.<br \/>\n<\/strong><strong>Fuente: NREL, 2015.<\/strong><\/span><\/p>\n<p><img loading=\"lazy\" decoding=\"async\" class=\"alignnone wp-image-1013\" src=\"https:\/\/autoconsumo.minenergia.cl\/wp-content\/uploads\/2017\/11\/Diagrama-de-SST-para-procesos-industriales.png\" alt=\"\" width=\"593\" height=\"454\" srcset=\"https:\/\/autoconsumo.minenergia.cl\/wp-content\/uploads\/2017\/11\/Diagrama-de-SST-para-procesos-industriales.png 742w, https:\/\/autoconsumo.minenergia.cl\/wp-content\/uploads\/2017\/11\/Diagrama-de-SST-para-procesos-industriales-300x230.png 300w, https:\/\/autoconsumo.minenergia.cl\/wp-content\/uploads\/2017\/11\/Diagrama-de-SST-para-procesos-industriales-660x505.png 660w\" sizes=\"auto, (max-width: 593px) 100vw, 593px\" \/><br \/>\n<span style=\"font-size: 10pt;\"><strong>Figura: Diagrama de SST para procesos industriales<br \/>\n<\/strong><strong>Fuente: APPSOL<\/strong><\/span><\/p>\n<p><img loading=\"lazy\" decoding=\"async\" class=\"alignnone wp-image-1014\" src=\"https:\/\/autoconsumo.minenergia.cl\/wp-content\/uploads\/2017\/11\/SST-Pampa-Solar.jpg\" alt=\"\" width=\"570\" height=\"277\" srcset=\"https:\/\/autoconsumo.minenergia.cl\/wp-content\/uploads\/2017\/11\/SST-Pampa-Solar.jpg 885w, https:\/\/autoconsumo.minenergia.cl\/wp-content\/uploads\/2017\/11\/SST-Pampa-Solar-300x146.jpg 300w, https:\/\/autoconsumo.minenergia.cl\/wp-content\/uploads\/2017\/11\/SST-Pampa-Solar-768x373.jpg 768w, https:\/\/autoconsumo.minenergia.cl\/wp-content\/uploads\/2017\/11\/SST-Pampa-Solar-660x321.jpg 660w\" sizes=\"auto, (max-width: 570px) 100vw, 570px\" \/><br \/>\n<span style=\"font-size: 10pt;\"><strong>Imagen: SST Pampa Solar, Minera Gaby Codelco para calentamiento de electrolito.<br \/>\n<\/strong><strong>Fuente: GIZ, 2014.<\/strong><\/span><\/p>\n<p><img loading=\"lazy\" decoding=\"async\" class=\"alignnone wp-image-1016\" src=\"https:\/\/autoconsumo.minenergia.cl\/wp-content\/uploads\/2017\/11\/Colectores-planos_Vina-Miguel-Torres.jpg\" alt=\"\" width=\"562\" height=\"397\" srcset=\"https:\/\/autoconsumo.minenergia.cl\/wp-content\/uploads\/2017\/11\/Colectores-planos_Vina-Miguel-Torres.jpg 630w, https:\/\/autoconsumo.minenergia.cl\/wp-content\/uploads\/2017\/11\/Colectores-planos_Vina-Miguel-Torres-300x212.jpg 300w\" sizes=\"auto, (max-width: 562px) 100vw, 562px\" \/><br \/>\n<span style=\"font-size: 10pt;\"><strong>Imagen: Uso de colectores solares planos para generaci\u00f3n de calor y fr\u00edo, Vi\u00f1a Miguel Torres.<br \/>\nFuente: <a href=\"http:\/\/www.fia.cl\/fia-apoya-innovador-proyecto-para-produccion-sustentable-de-vino-3\/\">FIA\u00a0<\/a><\/strong><\/span><\/p>\n<p>Como casos especiales se tienen los colectores de concentraci\u00f3n solar que en general por su complejidad y costos s\u00f3lo se remiten a usos de altas temperaturas y los colectores de aire los que pueden ser utilizados para calentar recintos o secado de le\u00f1a.<\/p>\n","protected":false},"excerpt":{"rendered":"<p>Los sistemas solares t\u00e9rmicos pueden elevar las temperaturas del fluido calentado hasta el rango de 60\u00b0 y 200\u00b0C dependiendo de la tecnolog\u00eda y los usos que se requieran. Uso residencial unifamiliar Imagen:\u00a0Sistemas solares t\u00e9rmicos de tipo termosif\u00f3n, Proyecto Gua\u00f1acagua lll \u2013 Arica, del Programa de Reconstrucci\u00f3n de Viviendas. Fuente: Ministerio de Energ\u00eda La mayor\u00eda de [&hellip;]<\/p>\n","protected":false},"author":3,"featured_media":0,"parent":70,"menu_order":0,"comment_status":"closed","ping_status":"closed","template":"","meta":{"footnotes":""},"class_list":["post-1006","page","type-page","status-publish","hentry"],"_links":{"self":[{"href":"https:\/\/autoconsumo.minenergia.cl\/index.php?rest_route=\/wp\/v2\/pages\/1006","targetHints":{"allow":["GET"]}}],"collection":[{"href":"https:\/\/autoconsumo.minenergia.cl\/index.php?rest_route=\/wp\/v2\/pages"}],"about":[{"href":"https:\/\/autoconsumo.minenergia.cl\/index.php?rest_route=\/wp\/v2\/types\/page"}],"author":[{"embeddable":true,"href":"https:\/\/autoconsumo.minenergia.cl\/index.php?rest_route=\/wp\/v2\/users\/3"}],"replies":[{"embeddable":true,"href":"https:\/\/autoconsumo.minenergia.cl\/index.php?rest_route=%2Fwp%2Fv2%2Fcomments&post=1006"}],"version-history":[{"count":7,"href":"https:\/\/autoconsumo.minenergia.cl\/index.php?rest_route=\/wp\/v2\/pages\/1006\/revisions"}],"predecessor-version":[{"id":1794,"href":"https:\/\/autoconsumo.minenergia.cl\/index.php?rest_route=\/wp\/v2\/pages\/1006\/revisions\/1794"}],"up":[{"embeddable":true,"href":"https:\/\/autoconsumo.minenergia.cl\/index.php?rest_route=\/wp\/v2\/pages\/70"}],"wp:attachment":[{"href":"https:\/\/autoconsumo.minenergia.cl\/index.php?rest_route=%2Fwp%2Fv2%2Fmedia&parent=1006"}],"curies":[{"name":"wp","href":"https:\/\/api.w.org\/{rel}","templated":true}]}}