{"id":1637,"date":"2018-01-02T14:25:30","date_gmt":"2018-01-02T14:25:30","guid":{"rendered":"http:\/\/www.minenergia.cl\/autoconsumo\/?page_id=1637"},"modified":"2025-01-23T20:58:46","modified_gmt":"2025-01-23T20:58:46","slug":"evalua-tu-proyecto-solar-fotovoltaico","status":"publish","type":"page","link":"https:\/\/autoconsumo.minenergia.cl\/?page_id=1637","title":{"rendered":"Eval\u00faa tu Proyecto Solar Fotovoltaico"},"content":{"rendered":"<h3><span style=\"font-size: 14pt;\">1.- Calcula el ahorro en electricidad con el Explorador Solar<\/span><\/h3>\n<p>Si quires calcular de forma r\u00e1pida el\u00a0<strong>ahorro que podr\u00edas obtener al instalar un sistema solar fotovoltaico<\/strong>\u00a0y conectarlo a la red, de acuerdo a la Ley de Generaci\u00f3n Distribuida, ingresa a las<strong><a href=\"https:\/\/calculadora-ahorro.web.app\/#\/\" target=\"_blank\" rel=\"noopener\">\u00a0CALCULADORA B\u00c1SICA<\/a>\u00a0<\/strong>o a la\u00a0<strong><a href=\"https:\/\/solar.minenergia.cl\/calculadora\" target=\"_blank\" rel=\"noopener\">CALCULADORA AVANZADA<\/a>.<\/strong><\/p>\n<p>Si quieres hacer\u00a0<strong>an\u00e1lisis con mayor detalle, para sistemas solares fotovoltaicos o t\u00e9rmicos<\/strong>, puedes ingresar al\u00a0<a href=\"https:\/\/solar.minenergia.cl\/inicio\" target=\"_blank\" rel=\"noopener\"><strong>Explorador de Energ\u00eda Solar<\/strong>\u00a0aqu\u00ed.\u00a0<\/a>Para proyectos en el sector agr\u00edcola puedes ingresar al\u00a0<a href=\"https:\/\/agrosolar.exploradorenergia.cl\/\" target=\"_blank\" rel=\"noopener\"><strong>Explorador AgroSolar\u00a0<\/strong>aqu\u00ed.<\/a><\/p>\n<h3><span style=\"font-size: 14pt;\">2.-Escoge la opci\u00f3n de financiamiento<\/span><\/h3>\n<p><span style=\"font-size: 12pt;\">De acuerdo a la capacidad de inversi\u00f3n, los proyectos se pueden financiar 100% con capital propio, usar cr\u00e9ditos comerciales,\u00a0 leasing, y a trav\u00e9s del modelo de financiamiento ESCO. Ingresa <a href=\"http:\/\/autoconsumo.minenergia.qa\/?page_id=220\">aqu\u00ed <\/a>para m\u00e1s informaci\u00f3n.<\/span><\/p>\n<h3><span style=\"font-size: 14pt;\">3.-Cotiza tu proyecto con al menos tres empresas especializadas<\/span><\/h3>\n<p><span style=\"font-size: 12pt;\">Puedes cotizar con instaladores el\u00e9ctricos, empresas proveedoras o bien con alguna empresa ESCO.<\/span><\/p>\n<p>Se recomienda cotizar con varios proveedores, verificar sus referencias, y consultar por la atenci\u00f3n posterior a la venta e instalaci\u00f3n y solicitar garant\u00eda del sistema instalado.<\/p>\n<ul>\n<li style=\"text-align: left;\"><a href=\"http:\/\/www.sec.cl\/gda\/proveedores-e-instaladores\/\" target=\"_blank\" rel=\"noopener\">Registro de instaladores y empresas proveedoras<\/a> de la Superintendencia de Electricidad y Combustibles (SEC).<\/li>\n<li><a href=\"https:\/\/www.registroenergetico.cl\/\" target=\"_blank\" rel=\"noopener\">Registro Energ\u00e9tico de la Agencia de Sostenibilidad Energ\u00e9tica<\/a><\/li>\n<li><span style=\"font-size: 12pt;\">Empresas\u00a0<a href=\"http:\/\/autoconsumo.minenergia.qa\/?page_id=222\">ESCO<\/a>.<\/span><\/li>\n<\/ul>\n<h5 style=\"text-align: center;\"><strong>\u00a1OJO! Se requiere que tanto el equipamiento, como el instalador el\u00e9ctrico que ejecute y tramite la conexi\u00f3n del proyecto, est\u00e9n autorizados por la SEC.<\/strong><\/h5>\n<h3>\u00a0<\/h3>\n<h3><span style=\"font-size: 14pt;\">4.- Consulta la capacidad disponible en las redes para conectar tu proyecto en el Explorador de Capacidad de Generaci\u00f3n Distribuida de la SEC<\/span><\/h3>\n<p>Este mapa interactivo nos permite evaluar de manera preliminar la capacidad disponible en las redes de distribuci\u00f3n de baja tensi\u00f3n para conectar nuevos equipamientos de generaci\u00f3n renovable. Ingresar <a href=\"https:\/\/experience.arcgis.com\/experience\/4a78489b911f438ca443b978e4a35e7a\/page\/P%C3%A1gina\/\" target=\"_blank\" rel=\"noreferrer noopener\">aqu\u00ed. <\/a><\/p>\n<p><!-- \/wp:post-content --><\/p>\n<h3><span style=\"font-size: 14pt;\">5.-Conoce el estado y verifica los antecedentes de tu tr\u00e1mite electrico ante la SEC\u00a0<\/span><\/h3>\n<p>Puedes conocer el estado y verificar los antecedentes asociados a una declaraci\u00f3n para los tr\u00e1mites de generaci\u00f3n distribu\u00edda TE4 y Electromovilidad TE6 en el sitio web de la SEC. Ingresar <a href=\"https:\/\/wlhttp.sec.cl\/edeclaradorTE4\/autentificacion.do;jsessionid=pxKUc0WmliljgU1YotYpJrdwLhB3o58wNnfEaxhOFCvV640PoSIb!-2085340252\" target=\"_blank\" rel=\"noreferrer noopener\">aqu\u00ed<\/a>.<\/p>\n\n<!-- wp:paragraph -->\n<p><\/p>\n<!-- \/wp:paragraph -->","protected":false},"excerpt":{"rendered":"<p>1.- Calcula el ahorro en electricidad con el Explorador Solar Si quires calcular de forma r\u00e1pida el\u00a0ahorro que podr\u00edas obtener al instalar un sistema solar fotovoltaico\u00a0y conectarlo a la red, de acuerdo a la Ley de Generaci\u00f3n Distribuida, ingresa a las\u00a0CALCULADORA B\u00c1SICA\u00a0o a la\u00a0CALCULADORA AVANZADA. Si quieres hacer\u00a0an\u00e1lisis con mayor detalle, para sistemas solares fotovoltaicos [&hellip;]<\/p>\n","protected":false},"author":3,"featured_media":0,"parent":0,"menu_order":0,"comment_status":"closed","ping_status":"closed","template":"","meta":{"footnotes":""},"class_list":["post-1637","page","type-page","status-publish","hentry"],"_links":{"self":[{"href":"https:\/\/autoconsumo.minenergia.cl\/index.php?rest_route=\/wp\/v2\/pages\/1637","targetHints":{"allow":["GET"]}}],"collection":[{"href":"https:\/\/autoconsumo.minenergia.cl\/index.php?rest_route=\/wp\/v2\/pages"}],"about":[{"href":"https:\/\/autoconsumo.minenergia.cl\/index.php?rest_route=\/wp\/v2\/types\/page"}],"author":[{"embeddable":true,"href":"https:\/\/autoconsumo.minenergia.cl\/index.php?rest_route=\/wp\/v2\/users\/3"}],"replies":[{"embeddable":true,"href":"https:\/\/autoconsumo.minenergia.cl\/index.php?rest_route=%2Fwp%2Fv2%2Fcomments&post=1637"}],"version-history":[{"count":18,"href":"https:\/\/autoconsumo.minenergia.cl\/index.php?rest_route=\/wp\/v2\/pages\/1637\/revisions"}],"predecessor-version":[{"id":4004,"href":"https:\/\/autoconsumo.minenergia.cl\/index.php?rest_route=\/wp\/v2\/pages\/1637\/revisions\/4004"}],"wp:attachment":[{"href":"https:\/\/autoconsumo.minenergia.cl\/index.php?rest_route=%2Fwp%2Fv2%2Fmedia&parent=1637"}],"curies":[{"name":"wp","href":"https:\/\/api.w.org\/{rel}","templated":true}]}}