{"id":3268,"date":"2024-12-04T19:17:39","date_gmt":"2024-12-04T19:17:39","guid":{"rendered":"https:\/\/autoconsumo.minenergia.cl\/?page_id=3268"},"modified":"2024-12-16T19:08:50","modified_gmt":"2024-12-16T19:08:50","slug":"2-1-aspectos-tecnicos-y-economicos","status":"publish","type":"page","link":"https:\/\/autoconsumo.minenergia.cl\/?page_id=3268","title":{"rendered":"2.1 Aspectos t\u00e9cnicos y econ\u00f3micos \u2013 Energ\u00eda solar t\u00e9rmica\u00a0"},"content":{"rendered":"\n<h3 class=\"wp-block-heading\">Aplicaciones<\/h3>\n\n\n\n<p>Los sistemas solares t\u00e9rmicos pueden elevar las temperaturas del fluido calentado hasta el rango de 60\u00b0 y 200\u00b0C dependiendo de la tecnolog\u00eda y los usos que se requieran.<\/p>\n\n\n\n<h3 class=\"wp-block-heading\"><strong>Uso residencial unifamiliar<\/strong><\/h3>\n\n\n\n<p><img loading=\"lazy\" decoding=\"async\" src=\"https:\/\/autoconsumo.minenergia.cl\/wp-content\/uploads\/2017\/11\/Uso-residencial-unifamiliar.jpg\" alt=\"\" width=\"499\" height=\"281\" srcset=\"https:\/\/autoconsumo.minenergia.cl\/wp-content\/uploads\/2017\/11\/Uso-residencial-unifamiliar.jpg 1349w, https:\/\/autoconsumo.minenergia.cl\/wp-content\/uploads\/2017\/11\/Uso-residencial-unifamiliar-300x169.jpg 300w, https:\/\/autoconsumo.minenergia.cl\/wp-content\/uploads\/2017\/11\/Uso-residencial-unifamiliar-768x432.jpg 768w, https:\/\/autoconsumo.minenergia.cl\/wp-content\/uploads\/2017\/11\/Uso-residencial-unifamiliar-1024x576.jpg 1024w, https:\/\/autoconsumo.minenergia.cl\/wp-content\/uploads\/2017\/11\/Uso-residencial-unifamiliar-660x371.jpg 660w\"><br><strong>Imagen:&nbsp;Sistemas solares t\u00e9rmicos de tipo termosif\u00f3n, Proyecto Gua\u00f1acagua lll \u2013 Arica, del Programa de Reconstrucci\u00f3n de Viviendas.<br>Fuente: Ministerio de Energ\u00eda<\/strong><\/p>\n\n\n\n<p>La mayor\u00eda de los usos residenciales para la generaci\u00f3n de agua caliente sanitaria en forma directa &nbsp;se encuentran entre 0\u00b0C y 60\u00b0C, donde las tecnolog\u00edas m\u00e1s id\u00f3neas son sistemas solares t\u00e9rmicos del tipo termosif\u00f3n planos indirectos y, en lugares con menor nivel de radiaci\u00f3n solar, sistemas solares de tubos al vac\u00edo.<\/p>\n\n\n\n<p>Tambi\u00e9n se pueden emplear otras tecnolog\u00edas para el acondicionamiento t\u00e9rmico de recintos (calefacci\u00f3n y aire acondicionado) y calentamiento de piscinas.<\/p>\n\n\n\n<p><img loading=\"lazy\" decoding=\"async\" src=\"https:\/\/autoconsumo.minenergia.cl\/wp-content\/uploads\/2017\/11\/sistema-solar-termico-termosifon.png\" alt=\"\" width=\"303\" height=\"294\" srcset=\"https:\/\/autoconsumo.minenergia.cl\/wp-content\/uploads\/2017\/11\/sistema-solar-termico-termosifon.png 303w, https:\/\/autoconsumo.minenergia.cl\/wp-content\/uploads\/2017\/11\/sistema-solar-termico-termosifon-300x291.png 300w\"><br><strong>Figura: Esquema de un sistema solar t\u00e9rmico termosif\u00f3n.<br><\/strong><strong>Fuente: Programa Solar, Sistema Solar T\u00e9rmico Termosif\u00f3n para Viviendas Unifamiliares.<\/strong><\/p>\n\n\n\n<p>En la figura superior se presenta el uso de un SST para el calentamiento de ACS, este sistema se encuentra en la techumbre y auxiliarmente, durante per\u00edodos de menor radiaci\u00f3n solar, &nbsp;recibe a trav\u00e9s de un calef\u00f3n, energ\u00eda para alcanzar las temperaturas necesarias para satisfacer la demanda de calor.<\/p>\n\n\n\n<p>El SST se encuentra conectado en serie, la salida del dep\u00f3sito solar se conecta a la entrada del sistema de apoyo convencional.<\/p>\n\n\n\n<h3 class=\"wp-block-heading\"><strong>Uso p\u00fablico, comercial y multifamiliar<\/strong><\/h3>\n\n\n\n<p>Mayoritariamente se enfoca en la generaci\u00f3n de agua caliente sanitaria en recintos como edificios residenciales, colegios, hospitales, oficinas, edificios p\u00fablicos, &nbsp;centros comerciales, gimnasios y otros recintos con gran afluencia de personas.<\/p>\n\n\n\n<p><img loading=\"lazy\" decoding=\"async\" width=\"488\" height=\"274\" srcset=\"https:\/\/autoconsumo.minenergia.cl\/wp-content\/uploads\/2017\/11\/sst-en-el-Hospital-de-Victoria-para-ACS.jpg 1350w, https:\/\/autoconsumo.minenergia.cl\/wp-content\/uploads\/2017\/11\/sst-en-el-Hospital-de-Victoria-para-ACS-300x169.jpg 300w, https:\/\/autoconsumo.minenergia.cl\/wp-content\/uploads\/2017\/11\/sst-en-el-Hospital-de-Victoria-para-ACS-768x432.jpg 768w, https:\/\/autoconsumo.minenergia.cl\/wp-content\/uploads\/2017\/11\/sst-en-el-Hospital-de-Victoria-para-ACS-1024x576.jpg 1024w, https:\/\/autoconsumo.minenergia.cl\/wp-content\/uploads\/2017\/11\/sst-en-el-Hospital-de-Victoria-para-ACS-660x371.jpg 660w\" src=\"https:\/\/autoconsumo.minenergia.cl\/wp-content\/uploads\/2017\/11\/sst-en-el-Hospital-de-Victoria-para-ACS.jpg\" alt=\"\"><br><strong>Imagen: Sistema Solar T\u00e9rmico en el Hospital de Victoria para ACS.<br><\/strong><strong>Fuente:&nbsp;<a href=\"http:\/\/www.energia.gob.cl\/tema-de-interes\/hospital-de-victoria-se-une-la\">Ministerio de Energ\u00eda<\/a><\/strong><\/p>\n\n\n\n<p><img loading=\"lazy\" decoding=\"async\" src=\"https:\/\/autoconsumo.minenergia.cl\/wp-content\/uploads\/2017\/11\/SST-Hospital-Luis-Calvo-Mackenna.jpg\" alt=\"\" width=\"485\" height=\"362\" srcset=\"https:\/\/autoconsumo.minenergia.cl\/wp-content\/uploads\/2017\/11\/SST-Hospital-Luis-Calvo-Mackenna.jpg 686w, https:\/\/autoconsumo.minenergia.cl\/wp-content\/uploads\/2017\/11\/SST-Hospital-Luis-Calvo-Mackenna-300x224.jpg 300w, https:\/\/autoconsumo.minenergia.cl\/wp-content\/uploads\/2017\/11\/SST-Hospital-Luis-Calvo-Mackenna-660x494.jpg 660w\"><br><strong>Imagen:&nbsp;Sistema Solar T\u00e9rmico en Hospital Luis Calvo Mackenna.<br><\/strong><strong>Fuente:<a href=\"http:\/\/appsol.cl\/wp-content\/uploads\/2017\/03\/ETD3.PPT-SST-Hospital-LCM.pdf\">&nbsp;APPSOL<\/a>&nbsp;&nbsp;<\/strong><\/p>\n\n\n\n<p>A su vez, existen sistemas combinados de agua caliente y calefacci\u00f3n de recintos y piscinas, as\u00ed como sistemas de calefacci\u00f3n distrital de gran escala, que si bien en Chile no hay gran desarrollo, existen oportunidades de autoconsumo de energ\u00eda t\u00e9rmica con SST.<\/p>\n\n\n\n<h3 class=\"wp-block-heading\"><strong>Uso industrial<\/strong><\/h3>\n\n\n\n<p>En estos sistemas se utiliza el calor para realizar diversos procesos propios de la industria y manufactura como por ejemplo cocci\u00f3n, deshidrataci\u00f3n y secado, limpieza, esterilizaci\u00f3n, tintura, calentamiento de electrolito para la obtenci\u00f3n de cobre (electroobtenci\u00f3n) hasta procesos qu\u00edmicos o t\u00e9rmicos que requieran temperaturas de hasta 200-250 \u00b0C.<\/p>\n\n\n\n<p><img loading=\"lazy\" decoding=\"async\" src=\"https:\/\/autoconsumo.minenergia.cl\/wp-content\/uploads\/2017\/11\/Rango-de-temperatura-estimada.png\" alt=\"\" width=\"618\" height=\"250\" srcset=\"https:\/\/autoconsumo.minenergia.cl\/wp-content\/uploads\/2017\/11\/Rango-de-temperatura-estimada.png 880w, https:\/\/autoconsumo.minenergia.cl\/wp-content\/uploads\/2017\/11\/Rango-de-temperatura-estimada-300x121.png 300w, https:\/\/autoconsumo.minenergia.cl\/wp-content\/uploads\/2017\/11\/Rango-de-temperatura-estimada-768x311.png 768w, https:\/\/autoconsumo.minenergia.cl\/wp-content\/uploads\/2017\/11\/Rango-de-temperatura-estimada-660x267.png 660w\"><br><strong>Figura: Rango de temperatura estimada para sistemas solares t\u00e9rmicos.<br><\/strong><strong>Fuente: NREL, 2015.<\/strong><\/p>\n\n\n\n<p><img loading=\"lazy\" decoding=\"async\" src=\"https:\/\/autoconsumo.minenergia.cl\/wp-content\/uploads\/2017\/11\/Diagrama-de-SST-para-procesos-industriales.png\" alt=\"\" width=\"593\" height=\"454\" srcset=\"https:\/\/autoconsumo.minenergia.cl\/wp-content\/uploads\/2017\/11\/Diagrama-de-SST-para-procesos-industriales.png 742w, https:\/\/autoconsumo.minenergia.cl\/wp-content\/uploads\/2017\/11\/Diagrama-de-SST-para-procesos-industriales-300x230.png 300w, https:\/\/autoconsumo.minenergia.cl\/wp-content\/uploads\/2017\/11\/Diagrama-de-SST-para-procesos-industriales-660x505.png 660w\"><br><strong>Figura: Diagrama de SST para procesos industriales<br><\/strong><strong>Fuente: APPSOL<\/strong><\/p>\n\n\n\n<p><img loading=\"lazy\" decoding=\"async\" src=\"https:\/\/autoconsumo.minenergia.cl\/wp-content\/uploads\/2017\/11\/SST-Pampa-Solar.jpg\" alt=\"\" width=\"570\" height=\"277\" srcset=\"https:\/\/autoconsumo.minenergia.cl\/wp-content\/uploads\/2017\/11\/SST-Pampa-Solar.jpg 885w, https:\/\/autoconsumo.minenergia.cl\/wp-content\/uploads\/2017\/11\/SST-Pampa-Solar-300x146.jpg 300w, https:\/\/autoconsumo.minenergia.cl\/wp-content\/uploads\/2017\/11\/SST-Pampa-Solar-768x373.jpg 768w, https:\/\/autoconsumo.minenergia.cl\/wp-content\/uploads\/2017\/11\/SST-Pampa-Solar-660x321.jpg 660w\"><br><strong>Imagen: SST Pampa Solar, Minera Gaby Codelco para calentamiento de electrolito.<br><\/strong><strong>Fuente: GIZ, 2014.<\/strong><\/p>\n\n\n\n<p><img loading=\"lazy\" decoding=\"async\" src=\"https:\/\/autoconsumo.minenergia.cl\/wp-content\/uploads\/2017\/11\/Colectores-planos_Vina-Miguel-Torres.jpg\" alt=\"\" width=\"562\" height=\"397\" srcset=\"https:\/\/autoconsumo.minenergia.cl\/wp-content\/uploads\/2017\/11\/Colectores-planos_Vina-Miguel-Torres.jpg 630w, https:\/\/autoconsumo.minenergia.cl\/wp-content\/uploads\/2017\/11\/Colectores-planos_Vina-Miguel-Torres-300x212.jpg 300w\"><br><strong>Imagen: Uso de colectores solares planos para generaci\u00f3n de calor y fr\u00edo, Vi\u00f1a Miguel Torres.<br>Fuente:&nbsp;<a href=\"http:\/\/www.fia.cl\/fia-apoya-innovador-proyecto-para-produccion-sustentable-de-vino-3\/\">FIA&nbsp;<\/a><\/strong><\/p>\n\n\n\n<p>Como casos especiales se tienen los colectores de concentraci\u00f3n solar que en general por su complejidad y costos s\u00f3lo se remiten a usos de altas temperaturas y los colectores de aire los que pueden ser utilizados para calentar recintos o secado de le\u00f1a.<\/p>\n\n\n\n<iframe loading=\"lazy\" width=\"560\" height=\"315\" src=\"https:\/\/www.youtube.com\/embed\/6MiYRNQc-Ps?si=dB2zjToAX6D2MQRX\" title=\"YouTube video player\" frameborder=\"0\" allow=\"accelerometer; autoplay; clipboard-write; encrypted-media; gyroscope; picture-in-picture; web-share\" referrerpolicy=\"strict-origin-when-cross-origin\" allowfullscreen><\/iframe>\n\n\n\n<p>Video: Energ\u00eda Solar Termica &#8211; Ministerio de Energ\u00eda<\/p>\n\n\n\n<p><\/p>\n","protected":false},"excerpt":{"rendered":"<p>Aplicaciones Los sistemas solares t\u00e9rmicos pueden elevar las temperaturas del fluido calentado hasta el rango de 60\u00b0 y 200\u00b0C dependiendo de la tecnolog\u00eda y los usos que se requieran. Uso residencial unifamiliar Imagen:&nbsp;Sistemas solares t\u00e9rmicos de tipo termosif\u00f3n, Proyecto Gua\u00f1acagua lll \u2013 Arica, del Programa de Reconstrucci\u00f3n de Viviendas.Fuente: Ministerio de Energ\u00eda La mayor\u00eda de [&hellip;]<\/p>\n","protected":false},"author":7,"featured_media":0,"parent":0,"menu_order":0,"comment_status":"closed","ping_status":"closed","template":"","meta":{"footnotes":""},"class_list":["post-3268","page","type-page","status-publish","hentry"],"_links":{"self":[{"href":"https:\/\/autoconsumo.minenergia.cl\/index.php?rest_route=\/wp\/v2\/pages\/3268","targetHints":{"allow":["GET"]}}],"collection":[{"href":"https:\/\/autoconsumo.minenergia.cl\/index.php?rest_route=\/wp\/v2\/pages"}],"about":[{"href":"https:\/\/autoconsumo.minenergia.cl\/index.php?rest_route=\/wp\/v2\/types\/page"}],"author":[{"embeddable":true,"href":"https:\/\/autoconsumo.minenergia.cl\/index.php?rest_route=\/wp\/v2\/users\/7"}],"replies":[{"embeddable":true,"href":"https:\/\/autoconsumo.minenergia.cl\/index.php?rest_route=%2Fwp%2Fv2%2Fcomments&post=3268"}],"version-history":[{"count":6,"href":"https:\/\/autoconsumo.minenergia.cl\/index.php?rest_route=\/wp\/v2\/pages\/3268\/revisions"}],"predecessor-version":[{"id":3777,"href":"https:\/\/autoconsumo.minenergia.cl\/index.php?rest_route=\/wp\/v2\/pages\/3268\/revisions\/3777"}],"wp:attachment":[{"href":"https:\/\/autoconsumo.minenergia.cl\/index.php?rest_route=%2Fwp%2Fv2%2Fmedia&parent=3268"}],"curies":[{"name":"wp","href":"https:\/\/api.w.org\/{rel}","templated":true}]}}

2.1 Aspectos técnicos y económicos – Energía solar térmica

<h3 class="wp-block-heading">Aplicaciones</h3>



<p>Los sistemas solares térmicos pueden elevar las temperaturas del fluido calentado hasta el rango de 60° y 200°C dependiendo de la tecnología y los usos que se requieran.</p>



<h3 class="wp-block-heading"><strong>Uso residencial unifamiliar</strong></h3>



<p><img loading="lazy" decoding="async" src="https://autoconsumo.minenergia.cl/wp-content/uploads/2017/11/Uso-residencial-unifamiliar.jpg" alt="" width="499" height="281" srcset="https://autoconsumo.minenergia.cl/wp-content/uploads/2017/11/Uso-residencial-unifamiliar.jpg 1349w, https://autoconsumo.minenergia.cl/wp-content/uploads/2017/11/Uso-residencial-unifamiliar-300x169.jpg 300w, https://autoconsumo.minenergia.cl/wp-content/uploads/2017/11/Uso-residencial-unifamiliar-768x432.jpg 768w, https://autoconsumo.minenergia.cl/wp-content/uploads/2017/11/Uso-residencial-unifamiliar-1024x576.jpg 1024w, https://autoconsumo.minenergia.cl/wp-content/uploads/2017/11/Uso-residencial-unifamiliar-660x371.jpg 660w"><br><strong>Imagen:&nbsp;Sistemas solares térmicos de tipo termosifón, Proyecto Guañacagua lll – Arica, del Programa de Reconstrucción de Viviendas.<br>Fuente: Ministerio de Energía</strong></p>



<p>La mayoría de los usos residenciales para la generación de agua caliente sanitaria en forma directa &nbsp;se encuentran entre 0°C y 60°C, donde las tecnologías más idóneas son sistemas solares térmicos del tipo termosifón planos indirectos y, en lugares con menor nivel de radiación solar, sistemas solares de tubos al vacío.</p>



<p>También se pueden emplear otras tecnologías para el acondicionamiento térmico de recintos (calefacción y aire acondicionado) y calentamiento de piscinas.</p>



<p><img loading="lazy" decoding="async" src="https://autoconsumo.minenergia.cl/wp-content/uploads/2017/11/sistema-solar-termico-termosifon.png" alt="" width="303" height="294" srcset="https://autoconsumo.minenergia.cl/wp-content/uploads/2017/11/sistema-solar-termico-termosifon.png 303w, https://autoconsumo.minenergia.cl/wp-content/uploads/2017/11/sistema-solar-termico-termosifon-300x291.png 300w"><br><strong>Figura: Esquema de un sistema solar térmico termosifón.<br></strong><strong>Fuente: Programa Solar, Sistema Solar Térmico Termosifón para Viviendas Unifamiliares.</strong></p>



<p>En la figura superior se presenta el uso de un SST para el calentamiento de ACS, este sistema se encuentra en la techumbre y auxiliarmente, durante períodos de menor radiación solar, &nbsp;recibe a través de un calefón, energía para alcanzar las temperaturas necesarias para satisfacer la demanda de calor.</p>



<p>El SST se encuentra conectado en serie, la salida del depósito solar se conecta a la entrada del sistema de apoyo convencional.</p>



<h3 class="wp-block-heading"><strong>Uso público, comercial y multifamiliar</strong></h3>



<p>Mayoritariamente se enfoca en la generación de agua caliente sanitaria en recintos como edificios residenciales, colegios, hospitales, oficinas, edificios públicos, &nbsp;centros comerciales, gimnasios y otros recintos con gran afluencia de personas.</p>



<p><img loading="lazy" decoding="async" width="488" height="274" srcset="https://autoconsumo.minenergia.cl/wp-content/uploads/2017/11/sst-en-el-Hospital-de-Victoria-para-ACS.jpg 1350w, https://autoconsumo.minenergia.cl/wp-content/uploads/2017/11/sst-en-el-Hospital-de-Victoria-para-ACS-300x169.jpg 300w, https://autoconsumo.minenergia.cl/wp-content/uploads/2017/11/sst-en-el-Hospital-de-Victoria-para-ACS-768x432.jpg 768w, https://autoconsumo.minenergia.cl/wp-content/uploads/2017/11/sst-en-el-Hospital-de-Victoria-para-ACS-1024x576.jpg 1024w, https://autoconsumo.minenergia.cl/wp-content/uploads/2017/11/sst-en-el-Hospital-de-Victoria-para-ACS-660x371.jpg 660w" src="https://autoconsumo.minenergia.cl/wp-content/uploads/2017/11/sst-en-el-Hospital-de-Victoria-para-ACS.jpg" alt=""><br><strong>Imagen: Sistema Solar Térmico en el Hospital de Victoria para ACS.<br></strong><strong>Fuente:&nbsp;<a href="http://www.energia.gob.cl/tema-de-interes/hospital-de-victoria-se-une-la">Ministerio de Energía</a></strong></p>



<p><img loading="lazy" decoding="async" src="https://autoconsumo.minenergia.cl/wp-content/uploads/2017/11/SST-Hospital-Luis-Calvo-Mackenna.jpg" alt="" width="485" height="362" srcset="https://autoconsumo.minenergia.cl/wp-content/uploads/2017/11/SST-Hospital-Luis-Calvo-Mackenna.jpg 686w, https://autoconsumo.minenergia.cl/wp-content/uploads/2017/11/SST-Hospital-Luis-Calvo-Mackenna-300x224.jpg 300w, https://autoconsumo.minenergia.cl/wp-content/uploads/2017/11/SST-Hospital-Luis-Calvo-Mackenna-660x494.jpg 660w"><br><strong>Imagen:&nbsp;Sistema Solar Térmico en Hospital Luis Calvo Mackenna.<br></strong><strong>Fuente:<a href="http://appsol.cl/wp-content/uploads/2017/03/ETD3.PPT-SST-Hospital-LCM.pdf">&nbsp;APPSOL</a>&nbsp;&nbsp;</strong></p>



<p>A su vez, existen sistemas combinados de agua caliente y calefacción de recintos y piscinas, así como sistemas de calefacción distrital de gran escala, que si bien en Chile no hay gran desarrollo, existen oportunidades de autoconsumo de energía térmica con SST.</p>



<h3 class="wp-block-heading"><strong>Uso industrial</strong></h3>



<p>En estos sistemas se utiliza el calor para realizar diversos procesos propios de la industria y manufactura como por ejemplo cocción, deshidratación y secado, limpieza, esterilización, tintura, calentamiento de electrolito para la obtención de cobre (electroobtención) hasta procesos químicos o térmicos que requieran temperaturas de hasta 200-250 °C.</p>



<p><img loading="lazy" decoding="async" src="https://autoconsumo.minenergia.cl/wp-content/uploads/2017/11/Rango-de-temperatura-estimada.png" alt="" width="618" height="250" srcset="https://autoconsumo.minenergia.cl/wp-content/uploads/2017/11/Rango-de-temperatura-estimada.png 880w, https://autoconsumo.minenergia.cl/wp-content/uploads/2017/11/Rango-de-temperatura-estimada-300x121.png 300w, https://autoconsumo.minenergia.cl/wp-content/uploads/2017/11/Rango-de-temperatura-estimada-768x311.png 768w, https://autoconsumo.minenergia.cl/wp-content/uploads/2017/11/Rango-de-temperatura-estimada-660x267.png 660w"><br><strong>Figura: Rango de temperatura estimada para sistemas solares térmicos.<br></strong><strong>Fuente: NREL, 2015.</strong></p>



<p><img loading="lazy" decoding="async" src="https://autoconsumo.minenergia.cl/wp-content/uploads/2017/11/Diagrama-de-SST-para-procesos-industriales.png" alt="" width="593" height="454" srcset="https://autoconsumo.minenergia.cl/wp-content/uploads/2017/11/Diagrama-de-SST-para-procesos-industriales.png 742w, https://autoconsumo.minenergia.cl/wp-content/uploads/2017/11/Diagrama-de-SST-para-procesos-industriales-300x230.png 300w, https://autoconsumo.minenergia.cl/wp-content/uploads/2017/11/Diagrama-de-SST-para-procesos-industriales-660x505.png 660w"><br><strong>Figura: Diagrama de SST para procesos industriales<br></strong><strong>Fuente: APPSOL</strong></p>



<p><img loading="lazy" decoding="async" src="https://autoconsumo.minenergia.cl/wp-content/uploads/2017/11/SST-Pampa-Solar.jpg" alt="" width="570" height="277" srcset="https://autoconsumo.minenergia.cl/wp-content/uploads/2017/11/SST-Pampa-Solar.jpg 885w, https://autoconsumo.minenergia.cl/wp-content/uploads/2017/11/SST-Pampa-Solar-300x146.jpg 300w, https://autoconsumo.minenergia.cl/wp-content/uploads/2017/11/SST-Pampa-Solar-768x373.jpg 768w, https://autoconsumo.minenergia.cl/wp-content/uploads/2017/11/SST-Pampa-Solar-660x321.jpg 660w"><br><strong>Imagen: SST Pampa Solar, Minera Gaby Codelco para calentamiento de electrolito.<br></strong><strong>Fuente: GIZ, 2014.</strong></p>



<p><img loading="lazy" decoding="async" src="https://autoconsumo.minenergia.cl/wp-content/uploads/2017/11/Colectores-planos_Vina-Miguel-Torres.jpg" alt="" width="562" height="397" srcset="https://autoconsumo.minenergia.cl/wp-content/uploads/2017/11/Colectores-planos_Vina-Miguel-Torres.jpg 630w, https://autoconsumo.minenergia.cl/wp-content/uploads/2017/11/Colectores-planos_Vina-Miguel-Torres-300x212.jpg 300w"><br><strong>Imagen: Uso de colectores solares planos para generación de calor y frío, Viña Miguel Torres.<br>Fuente:&nbsp;<a href="http://www.fia.cl/fia-apoya-innovador-proyecto-para-produccion-sustentable-de-vino-3/">FIA&nbsp;</a></strong></p>



<p>Como casos especiales se tienen los colectores de concentración solar que en general por su complejidad y costos sólo se remiten a usos de altas temperaturas y los colectores de aire los que pueden ser utilizados para calentar recintos o secado de leña.</p>



<iframe loading="lazy" width="560" height="315" src="https://www.youtube.com/embed/6MiYRNQc-Ps?si=dB2zjToAX6D2MQRX" title="YouTube video player" frameborder="0" allow="accelerometer; autoplay; clipboard-write; encrypted-media; gyroscope; picture-in-picture; web-share" referrerpolicy="strict-origin-when-cross-origin" allowfullscreen></iframe>



<p>Video: Energía Solar Termica &#8211; Ministerio de Energía</p>



<p></p>

<p>Aplicaciones Los sistemas solares térmicos pueden elevar las temperaturas del fluido calentado hasta el rango de 60° y 200°C dependiendo de la tecnología y los usos que se requieran. Uso residencial unifamiliar Imagen:&nbsp;Sistemas solares térmicos de tipo termosifón, Proyecto Guañacagua lll – Arica, del Programa de Reconstrucción de Viviendas.Fuente: Ministerio de Energía La mayoría de [&hellip;]</p>
