{"id":3294,"date":"2024-12-04T20:06:03","date_gmt":"2024-12-04T20:06:03","guid":{"rendered":"https:\/\/autoconsumo.minenergia.cl\/?page_id=3294"},"modified":"2024-12-16T19:12:14","modified_gmt":"2024-12-16T19:12:14","slug":"3-3-normativa","status":"publish","type":"page","link":"https:\/\/autoconsumo.minenergia.cl\/?page_id=3294","title":{"rendered":"3.3 Normativa \u2013 Aerotermia"},"content":{"rendered":"\n<h2 class=\"wp-block-heading\"><strong>Bombas de calor<\/strong><\/h2>\n\n\n\n<ul class=\"wp-block-list\">\n<li>Decreto Supremo N\u00b0 38, de 2011, del Ministerio de Medio Ambiente, que establece norma<br>de emisi\u00f3n de ruidos generados por fuentes que indica, elaborada a partir de la revisi\u00f3n del<br>Decreto N\u00b0 146, 1997, del Ministerio Secretar\u00eda General de la Presidencia, durante las etapas<br>de implementaci\u00f3n y operaci\u00f3n del Proyecto.<\/li>\n\n\n\n<li>Decreto Supremo N\u00b0 40, de 1969, del Ministerio del Trabajo y Previsi\u00f3n Social, que aprueba<br>reglamento sobre prevenci\u00f3n de riesgos profesionales.<\/li>\n<\/ul>\n\n\n\n<p><\/p>\n","protected":false},"excerpt":{"rendered":"<p>Bombas de calor<\/p>\n","protected":false},"author":7,"featured_media":0,"parent":0,"menu_order":0,"comment_status":"closed","ping_status":"closed","template":"","meta":{"footnotes":""},"class_list":["post-3294","page","type-page","status-publish","hentry"],"_links":{"self":[{"href":"https:\/\/autoconsumo.minenergia.cl\/index.php?rest_route=\/wp\/v2\/pages\/3294","targetHints":{"allow":["GET"]}}],"collection":[{"href":"https:\/\/autoconsumo.minenergia.cl\/index.php?rest_route=\/wp\/v2\/pages"}],"about":[{"href":"https:\/\/autoconsumo.minenergia.cl\/index.php?rest_route=\/wp\/v2\/types\/page"}],"author":[{"embeddable":true,"href":"https:\/\/autoconsumo.minenergia.cl\/index.php?rest_route=\/wp\/v2\/users\/7"}],"replies":[{"embeddable":true,"href":"https:\/\/autoconsumo.minenergia.cl\/index.php?rest_route=%2Fwp%2Fv2%2Fcomments&post=3294"}],"version-history":[{"count":4,"href":"https:\/\/autoconsumo.minenergia.cl\/index.php?rest_route=\/wp\/v2\/pages\/3294\/revisions"}],"predecessor-version":[{"id":3783,"href":"https:\/\/autoconsumo.minenergia.cl\/index.php?rest_route=\/wp\/v2\/pages\/3294\/revisions\/3783"}],"wp:attachment":[{"href":"https:\/\/autoconsumo.minenergia.cl\/index.php?rest_route=%2Fwp%2Fv2%2Fmedia&parent=3294"}],"curies":[{"name":"wp","href":"https:\/\/api.w.org\/{rel}","templated":true}]}}

<h2 class="wp-block-heading"><strong>Bombas de calor</strong></h2>



<ul class="wp-block-list">
<li>Decreto Supremo N° 38, de 2011, del Ministerio de Medio Ambiente, que establece norma<br>de emisión de ruidos generados por fuentes que indica, elaborada a partir de la revisión del<br>Decreto N° 146, 1997, del Ministerio Secretaría General de la Presidencia, durante las etapas<br>de implementación y operación del Proyecto.</li>



<li>Decreto Supremo N° 40, de 1969, del Ministerio del Trabajo y Previsión Social, que aprueba<br>reglamento sobre prevención de riesgos profesionales.</li>
</ul>



<p></p>
