{"id":3307,"date":"2024-12-06T19:02:28","date_gmt":"2024-12-06T19:02:28","guid":{"rendered":"https:\/\/autoconsumo.minenergia.cl\/?page_id=3307"},"modified":"2024-12-19T19:04:13","modified_gmt":"2024-12-19T19:04:13","slug":"4-bomba-de-calor-geotermica","status":"publish","type":"page","link":"https:\/\/autoconsumo.minenergia.cl\/?page_id=3307","title":{"rendered":"4. Usos directos de la energ\u00eda geot\u00e9rmica"},"content":{"rendered":"\n<h2 class=\"wp-block-heading\">\u00bfQu\u00e9 es la energ\u00eda geot\u00e9rmica?<\/h2>\n\n\n\n<iframe loading=\"lazy\" width=\"560\" height=\"315\" src=\"https:\/\/www.youtube.com\/embed\/svJ8wuvv3uc?si=AI7eqULazPoEg-CR\" title=\"YouTube video player\" frameborder=\"0\" allow=\"accelerometer; autoplay; clipboard-write; encrypted-media; gyroscope; picture-in-picture; web-share\" referrerpolicy=\"strict-origin-when-cross-origin\" allowfullscreen><\/iframe>\n\n\n\n<h2 class=\"wp-block-heading\">Energ\u00eda geotermica a trav\u00e9s de Bombas de Calor<\/h2>\n\n\n\n<iframe loading=\"lazy\" width=\"560\" height=\"315\" src=\"https:\/\/www.youtube.com\/embed\/XvaXQYwARCA?si=Frle7U3yEi0aBRZd\" title=\"YouTube video player\" frameborder=\"0\" allow=\"accelerometer; autoplay; clipboard-write; encrypted-media; gyroscope; picture-in-picture; web-share\" referrerpolicy=\"strict-origin-when-cross-origin\" allowfullscreen><\/iframe>\n\n\n\n<h2 class=\"wp-block-heading\">Claves del uso directo de la geotermia<\/h2>\n\n\n\n<ul class=\"wp-block-list\">\n<li>Tecnolog\u00eda consolidada en el mundo y en desarrollo en Chile.<\/li>\n\n\n\n<li>La capacidad instalada en el mundo al 2015 es 70,000 MWt.<\/li>\n\n\n\n<li>Los pa\u00edses que m\u00e1s emplean los usos directos son: China, EEUU, Suecia, Turqu\u00eda, Francia, Jap\u00f3n e Islandia.<\/li>\n\n\n\n<li>Constituye una alternativa que puede ser usada a escala residencial e industrial.<\/li>\n\n\n\n<li>Las aplicaciones m\u00e1s empleadas son las bombas de calor con intercambio geot\u00e9rmico y los ba\u00f1os termales recreacionales.<\/li>\n<\/ul>\n\n\n\n<h2 class=\"wp-block-heading\">Aplicaciones<\/h2>\n\n\n\n<ul class=\"wp-block-list\">\n<li>Autoconsumo de energ\u00eda t\u00e9rmica para climatizaci\u00f3n de espacios, ba\u00f1os termales, secado de alimentos, pisciculturas, invernaderos, entre otros.<\/li>\n<\/ul>\n\n\n\n<h2 class=\"wp-block-heading\">Usos directos de la geotermia<\/h2>\n\n\n\n<p>Existen diversas nociones respecto de lo que se considera \u201cusos directos geot\u00e9rmicos\u201d, sin embargo la definici\u00f3n empleada por GNS SCIENCE de Nueva Zelanda*, re\u00fane conceptos empleados y consensuados por diversas instituciones internacionales asociadas al tema:&nbsp;<em>\u201cvariedad de aplicaciones que utilizan directamente la energ\u00eda termal (calor) de la fuente sin conversi\u00f3n a energ\u00eda el\u00e9ctrica, qu\u00edmica o mec\u00e1nica\u201d<\/em>. Estas aplicaciones pueden ser empleadas a escala domiciliaria o incluso en operaciones comerciales.<\/p>\n\n\n\n<p>Si bien los usos directos pueden emplear el calor natural de la tierra (gradiente t\u00e9rmico) tambi\u00e9n se usa la energ\u00eda t\u00e9rmica asociada a anomal\u00edas termales. En la siguiente figura se muestran algunas aplicaciones asociadas al rango de temperatura del agua que se requiere.<\/p>\n\n\n\n<p><img loading=\"lazy\" decoding=\"async\" src=\"https:\/\/autoconsumo.minenergia.cl\/wp-content\/uploads\/2017\/10\/usos-de-energia-geotermica.png\" alt=\"\" width=\"516\" height=\"663\" srcset=\"https:\/\/autoconsumo.minenergia.cl\/wp-content\/uploads\/2017\/10\/usos-de-energia-geotermica.png 1004w, https:\/\/autoconsumo.minenergia.cl\/wp-content\/uploads\/2017\/10\/usos-de-energia-geotermica-233x300.png 233w, https:\/\/autoconsumo.minenergia.cl\/wp-content\/uploads\/2017\/10\/usos-de-energia-geotermica-768x987.png 768w, https:\/\/autoconsumo.minenergia.cl\/wp-content\/uploads\/2017\/10\/usos-de-energia-geotermica-797x1024.png 797w, https:\/\/autoconsumo.minenergia.cl\/wp-content\/uploads\/2017\/10\/usos-de-energia-geotermica-660x848.png 660w\"><br><strong>Figura: Rangos de temperaturas asociado a aplicaciones de geotermia.<br><\/strong><strong>Fuente: Modificado de original presentado en el 2005 por \u201dGeothermal Education Office, 2005\u201d.<\/strong><\/p>\n\n\n\n<h2 class=\"wp-block-heading\">Aplicaciones de uso directo de geotermia<\/h2>\n\n\n\n<p>La tendencia del empleo de aplicaciones directas de energ\u00eda geot\u00e9rmica es creciente, como se observa en el gr\u00e1fico a continuaci\u00f3n, posicion\u00e1ndose as\u00ed como una alternativa energ\u00e9tica validada y eficiente en todo el mundo, en sus diversas aplicaciones, tales como empleo de bombas de calor, calentar invernaderos, secado agr\u00edcola, ba\u00f1o y piscinas, calentar espacios, calentar estanques de acuicultura, usos industriales, enfriar espacios y derretir nieve entre otros.<\/p>\n\n\n\n<p><img loading=\"lazy\" decoding=\"async\" src=\"https:\/\/autoconsumo.minenergia.cl\/wp-content\/uploads\/2017\/10\/incremento-uso-geotermia.jpg\" alt=\"\" width=\"575\" height=\"394\" srcset=\"https:\/\/autoconsumo.minenergia.cl\/wp-content\/uploads\/2017\/10\/incremento-uso-geotermia.jpg 708w, https:\/\/autoconsumo.minenergia.cl\/wp-content\/uploads\/2017\/10\/incremento-uso-geotermia-300x206.jpg 300w, https:\/\/autoconsumo.minenergia.cl\/wp-content\/uploads\/2017\/10\/incremento-uso-geotermia-660x452.jpg 660w\"><br><strong>Figura: Incremento del uso. Muestra el desarrollo de la capacidad instalada de usos directos en el mundo desde 1995 a 2015.<br><\/strong><strong>Fuente: Modificado de Lund et al 2015.<\/strong><\/p>\n\n\n\n<p><img loading=\"lazy\" decoding=\"async\" src=\"https:\/\/autoconsumo.minenergia.cl\/wp-content\/uploads\/2017\/10\/tipos-de-uso-energia-geotermica.jpg\" alt=\"\" width=\"568\" height=\"322\" srcset=\"https:\/\/autoconsumo.minenergia.cl\/wp-content\/uploads\/2017\/10\/tipos-de-uso-energia-geotermica.jpg 642w, https:\/\/autoconsumo.minenergia.cl\/wp-content\/uploads\/2017\/10\/tipos-de-uso-energia-geotermica-300x170.jpg 300w\"><br><strong>Figura: Tipos de uso. Muestra las aplicaciones de usos directos m\u00e1s populares de geotermia en el mundo al 2015.<br><\/strong><strong>Fuente: Modificado de Lund et al 2015.<\/strong><\/p>\n\n\n\n<p>La aplicaci\u00f3n de uso directo de geotermia m\u00e1s usada corresponde a la&nbsp;<strong>\u201cBomba de calor geot\u00e9rmica\u201d&nbsp;<\/strong>que al 2015 representaba el 70,95% de la capacidad total instalada.<\/p>\n\n\n\n<p><img loading=\"lazy\" decoding=\"async\" width=\"709\" height=\"448\" srcset=\"https:\/\/autoconsumo.minenergia.cl\/wp-content\/uploads\/2017\/10\/Desarrollo-por-Aplicacion.jpg 709w, https:\/\/autoconsumo.minenergia.cl\/wp-content\/uploads\/2017\/10\/Desarrollo-por-Aplicacion-300x190.jpg 300w, https:\/\/autoconsumo.minenergia.cl\/wp-content\/uploads\/2017\/10\/Desarrollo-por-Aplicacion-660x417.jpg 660w\" src=\"https:\/\/autoconsumo.minenergia.cl\/wp-content\/uploads\/2017\/10\/Desarrollo-por-Aplicacion.jpg\" alt=\"\"><br><strong>Figura: Desarrollo por Aplicaci\u00f3n. Muestra las tendencia de crecimiento\/decrecimiento para &nbsp;cada aplicaci\u00f3n &nbsp;desde el 1995 hasta 2015.<br>Fuente: Modificado de Lund et al 2015.<\/strong><\/p>\n","protected":false},"excerpt":{"rendered":"<p>\u00bfQu\u00e9 es la energ\u00eda geot\u00e9rmica? Energ\u00eda geotermica a trav\u00e9s de Bombas de Calor Claves del uso directo de la geotermia Aplicaciones Usos directos de la geotermia Existen diversas nociones respecto de lo que se considera \u201cusos directos geot\u00e9rmicos\u201d, sin embargo la definici\u00f3n empleada por GNS SCIENCE de Nueva Zelanda*, re\u00fane conceptos empleados y consensuados por [&hellip;]<\/p>\n","protected":false},"author":7,"featured_media":0,"parent":0,"menu_order":0,"comment_status":"closed","ping_status":"closed","template":"","meta":{"footnotes":""},"class_list":["post-3307","page","type-page","status-publish","hentry"],"_links":{"self":[{"href":"https:\/\/autoconsumo.minenergia.cl\/index.php?rest_route=\/wp\/v2\/pages\/3307","targetHints":{"allow":["GET"]}}],"collection":[{"href":"https:\/\/autoconsumo.minenergia.cl\/index.php?rest_route=\/wp\/v2\/pages"}],"about":[{"href":"https:\/\/autoconsumo.minenergia.cl\/index.php?rest_route=\/wp\/v2\/types\/page"}],"author":[{"embeddable":true,"href":"https:\/\/autoconsumo.minenergia.cl\/index.php?rest_route=\/wp\/v2\/users\/7"}],"replies":[{"embeddable":true,"href":"https:\/\/autoconsumo.minenergia.cl\/index.php?rest_route=%2Fwp%2Fv2%2Fcomments&post=3307"}],"version-history":[{"count":9,"href":"https:\/\/autoconsumo.minenergia.cl\/index.php?rest_route=\/wp\/v2\/pages\/3307\/revisions"}],"predecessor-version":[{"id":3934,"href":"https:\/\/autoconsumo.minenergia.cl\/index.php?rest_route=\/wp\/v2\/pages\/3307\/revisions\/3934"}],"wp:attachment":[{"href":"https:\/\/autoconsumo.minenergia.cl\/index.php?rest_route=%2Fwp%2Fv2%2Fmedia&parent=3307"}],"curies":[{"name":"wp","href":"https:\/\/api.w.org\/{rel}","templated":true}]}}