{"id":3381,"date":"2024-12-11T13:51:18","date_gmt":"2024-12-11T13:51:18","guid":{"rendered":"https:\/\/autoconsumo.minenergia.cl\/?page_id=3381"},"modified":"2024-12-17T15:18:59","modified_gmt":"2024-12-17T15:18:59","slug":"8-2-materiales-y-herramientas-de-interes","status":"publish","type":"page","link":"https:\/\/autoconsumo.minenergia.cl\/?page_id=3381","title":{"rendered":"8.2 Materiales y herramientas de inter\u00e9s &#8211; Aerogenerador"},"content":{"rendered":"\n<h2 class=\"wp-block-heading\">Explorador Energ\u00eda E\u00f3lica Ministerio de Energ\u00eda<\/h2>\n\n\n\n<figure class=\"wp-block-image\"><a href=\"https:\/\/eolico.minenergia.cl\/inicio\" target=\"_blank\" rel=\"noreferrer noopener\"><img loading=\"lazy\" decoding=\"async\" width=\"321\" height=\"101\" src=\"https:\/\/autoconsumo.minenergia.cl\/wp-content\/uploads\/2017\/10\/borde_ban_eolico.jpg\" alt=\"\" class=\"wp-image-906\" srcset=\"https:\/\/autoconsumo.minenergia.cl\/wp-content\/uploads\/2017\/10\/borde_ban_eolico.jpg 321w, https:\/\/autoconsumo.minenergia.cl\/wp-content\/uploads\/2017\/10\/borde_ban_eolico-300x94.jpg 300w, https:\/\/autoconsumo.minenergia.cl\/wp-content\/uploads\/2017\/10\/borde_ban_eolico-320x101.jpg 320w\" sizes=\"auto, (max-width: 321px) 100vw, 321px\" \/><\/a><\/figure>\n\n\n\n<p>El&nbsp;<strong>Explorador de Energ\u00eda E\u00f3lica<\/strong>&nbsp;es una herramienta de an\u00e1lisis del recurso e\u00f3lico, que entrega resultados de simulaciones num\u00e9ricas de las condiciones de viento y densidad del aire, de manera gr\u00e1fica y c\u00f3moda para el usuario. Las simulaciones han sido realizadas con el modelo WRF (Weather Research and Forecasting), un modelo avanzado y ampliamente utilizado para analizar el recurso e\u00f3lico en el mundo. La informaci\u00f3n entregada por el Explorador E\u00f3lico permite realizar una evaluaci\u00f3n preliminar del rendimiento de un sistema de generaci\u00f3n en un determinado lugar.<\/p>\n\n\n\n<h2 class=\"wp-block-heading\">Referencias Bibliogr\u00e1ficas<\/h2>\n\n\n\n<ul class=\"wp-block-list\">\n<li>Wind Exchange, U.S. Department of Energy.&nbsp;<a href=\"https:\/\/windexchange.energy.gov\/small-wind-guidebook\" target=\"_blank\" rel=\"noreferrer noopener\">Small Wind Guidebook.<\/a><\/li>\n\n\n\n<li>Irena 2016. Wind Power Technology Brief. Descargar\u00a0<a href=\"https:\/\/www.irena.org\/publications\/2016\/Mar\/Wind-Power\" target=\"_blank\" rel=\"noreferrer noopener\">aqu\u00ed<\/a>.<\/li>\n\n\n\n<li>Wind Energy Technology Office, U.S. Department of Energy.&nbsp; How a wind turbine works. Descargar&nbsp;<a href=\"https:\/\/energy.gov\/eere\/wind\/how-do-wind-turbines-work\" target=\"_blank\" rel=\"noreferrer noopener\">aqu\u00ed<\/a>.<\/li>\n<\/ul>\n\n\n\n<p><\/p>\n","protected":false},"excerpt":{"rendered":"<p>Explorador Energ\u00eda E\u00f3lica Ministerio de Energ\u00eda El&nbsp;Explorador de Energ\u00eda E\u00f3lica&nbsp;es una herramienta de an\u00e1lisis del recurso e\u00f3lico, que entrega resultados de simulaciones num\u00e9ricas de las condiciones de viento y densidad del aire, de manera gr\u00e1fica y c\u00f3moda para el usuario. Las simulaciones han sido realizadas con el modelo WRF (Weather Research and Forecasting), un modelo [&hellip;]<\/p>\n","protected":false},"author":7,"featured_media":0,"parent":0,"menu_order":0,"comment_status":"closed","ping_status":"closed","template":"","meta":{"footnotes":""},"class_list":["post-3381","page","type-page","status-publish","hentry"],"_links":{"self":[{"href":"https:\/\/autoconsumo.minenergia.cl\/index.php?rest_route=\/wp\/v2\/pages\/3381","targetHints":{"allow":["GET"]}}],"collection":[{"href":"https:\/\/autoconsumo.minenergia.cl\/index.php?rest_route=\/wp\/v2\/pages"}],"about":[{"href":"https:\/\/autoconsumo.minenergia.cl\/index.php?rest_route=\/wp\/v2\/types\/page"}],"author":[{"embeddable":true,"href":"https:\/\/autoconsumo.minenergia.cl\/index.php?rest_route=\/wp\/v2\/users\/7"}],"replies":[{"embeddable":true,"href":"https:\/\/autoconsumo.minenergia.cl\/index.php?rest_route=%2Fwp%2Fv2%2Fcomments&post=3381"}],"version-history":[{"count":6,"href":"https:\/\/autoconsumo.minenergia.cl\/index.php?rest_route=\/wp\/v2\/pages\/3381\/revisions"}],"predecessor-version":[{"id":3850,"href":"https:\/\/autoconsumo.minenergia.cl\/index.php?rest_route=\/wp\/v2\/pages\/3381\/revisions\/3850"}],"wp:attachment":[{"href":"https:\/\/autoconsumo.minenergia.cl\/index.php?rest_route=%2Fwp%2Fv2%2Fmedia&parent=3381"}],"curies":[{"name":"wp","href":"https:\/\/api.w.org\/{rel}","templated":true}]}}