{"id":3383,"date":"2024-12-11T13:52:26","date_gmt":"2024-12-11T13:52:26","guid":{"rendered":"https:\/\/autoconsumo.minenergia.cl\/?page_id=3383"},"modified":"2024-12-16T19:21:21","modified_gmt":"2024-12-16T19:21:21","slug":"8-3-normativa","status":"publish","type":"page","link":"https:\/\/autoconsumo.minenergia.cl\/?page_id=3383","title":{"rendered":"8.3 Normativa \u2013 Aerogenerador"},"content":{"rendered":"\n<h2 class=\"wp-block-heading\"><strong>Aero generadores<\/strong><\/h2>\n\n\n\n<ul class=\"wp-block-list\">\n<li>Lo relativo a proyectos de generaci\u00f3n distribuida, si corresponde.<\/li>\n\n\n\n<li>Instrucci\u00f3n T\u00e9cnica: RGR N\u00b0 03\/2020. Esta actualizaci\u00f3n al instructivo t\u00e9cnico RGR N\u00b0 03\/2016, define requisitos de dise\u00f1o y ejecuci\u00f3n de las instalaciones e\u00f3licas conectadas a red. <a href=\"https:\/\/www.sec.cl\/sitio-web\/wp-content\/uploads\/2020\/11\/RGR-N03-2020-2.pdf\">https:\/\/www.sec.cl\/sitio-web\/wp-content\/uploads\/2020\/11\/RGR-N03-2020-2.pdf<\/a><\/li>\n\n\n\n<li>Certificado de Instalaci\u00f3n de Proyectos E\u00f3licos en Altura, de acuerdo con lo requerido por la<br>Direcci\u00f3n General de Aeron\u00e1utica Civil (DGAC), Informaci\u00f3n disponible en el enlace web:<br><a href=\"https:\/\/www.dgac.gob.cl\/certificaciones\/cert-ins-proyectos-eolicos-en-altura\/\">https:\/\/www.dgac.gob.cl\/certificaciones\/cert-ins-proyectos-eolicos-en-altura\/<\/a><\/li>\n\n\n\n<li>Decreto Supremo N\u00b0 38 \/2011, del Ministerio de Medio Ambiente, que establece norma de<br>emisi\u00f3n de ruidos generados por fuentes que indica, durante las etapas de implementaci\u00f3n<br>y operaci\u00f3n del proyecto.<\/li>\n<\/ul>\n\n\n\n<p><\/p>\n","protected":false},"excerpt":{"rendered":"<p>Aero generadores<\/p>\n","protected":false},"author":7,"featured_media":0,"parent":0,"menu_order":0,"comment_status":"closed","ping_status":"closed","template":"","meta":{"footnotes":""},"class_list":["post-3383","page","type-page","status-publish","hentry"],"_links":{"self":[{"href":"https:\/\/autoconsumo.minenergia.cl\/index.php?rest_route=\/wp\/v2\/pages\/3383","targetHints":{"allow":["GET"]}}],"collection":[{"href":"https:\/\/autoconsumo.minenergia.cl\/index.php?rest_route=\/wp\/v2\/pages"}],"about":[{"href":"https:\/\/autoconsumo.minenergia.cl\/index.php?rest_route=\/wp\/v2\/types\/page"}],"author":[{"embeddable":true,"href":"https:\/\/autoconsumo.minenergia.cl\/index.php?rest_route=\/wp\/v2\/users\/7"}],"replies":[{"embeddable":true,"href":"https:\/\/autoconsumo.minenergia.cl\/index.php?rest_route=%2Fwp%2Fv2%2Fcomments&post=3383"}],"version-history":[{"count":3,"href":"https:\/\/autoconsumo.minenergia.cl\/index.php?rest_route=\/wp\/v2\/pages\/3383\/revisions"}],"predecessor-version":[{"id":3797,"href":"https:\/\/autoconsumo.minenergia.cl\/index.php?rest_route=\/wp\/v2\/pages\/3383\/revisions\/3797"}],"wp:attachment":[{"href":"https:\/\/autoconsumo.minenergia.cl\/index.php?rest_route=%2Fwp%2Fv2%2Fmedia&parent=3383"}],"curies":[{"name":"wp","href":"https:\/\/api.w.org\/{rel}","templated":true}]}}

<h2 class="wp-block-heading"><strong>Aero generadores</strong></h2>



<ul class="wp-block-list">
<li>Lo relativo a proyectos de generación distribuida, si corresponde.</li>



<li>Instrucción Técnica: RGR N° 03/2020. Esta actualización al instructivo técnico RGR N° 03/2016, define requisitos de diseño y ejecución de las instalaciones eólicas conectadas a red. <a href="https://www.sec.cl/sitio-web/wp-content/uploads/2020/11/RGR-N03-2020-2.pdf">https://www.sec.cl/sitio-web/wp-content/uploads/2020/11/RGR-N03-2020-2.pdf</a></li>



<li>Certificado de Instalación de Proyectos Eólicos en Altura, de acuerdo con lo requerido por la<br>Dirección General de Aeronáutica Civil (DGAC), Información disponible en el enlace web:<br><a href="https://www.dgac.gob.cl/certificaciones/cert-ins-proyectos-eolicos-en-altura/">https://www.dgac.gob.cl/certificaciones/cert-ins-proyectos-eolicos-en-altura/</a></li>



<li>Decreto Supremo N° 38 /2011, del Ministerio de Medio Ambiente, que establece norma de<br>emisión de ruidos generados por fuentes que indica, durante las etapas de implementación<br>y operación del proyecto.</li>
</ul>



<p></p>
