{"id":3412,"date":"2024-12-06T19:05:57","date_gmt":"2024-12-06T19:05:57","guid":{"rendered":"https:\/\/autoconsumo.minenergia.cl\/?page_id=3412"},"modified":"2024-12-19T18:49:14","modified_gmt":"2024-12-19T18:49:14","slug":"4-2-materiales-y-herramientas-de-interes","status":"publish","type":"page","link":"https:\/\/autoconsumo.minenergia.cl\/?page_id=3412","title":{"rendered":"4.2 Materiales y herramientas de inter\u00e9s &#8211; Geotermia"},"content":{"rendered":"\n<h2 class=\"wp-block-heading\">Explorador bombas de calor<\/h2>\n\n\n\n<figure class=\"wp-block-image size-large is-resized\"><a href=\"https:\/\/bc-geotermica.minenergia.cl\/inicio\" target=\"_blank\" rel=\"noreferrer noopener\"><img loading=\"lazy\" decoding=\"async\" width=\"1024\" height=\"332\" src=\"https:\/\/autoconsumo.minenergia.cl\/wp-content\/uploads\/2024\/12\/image-4-1024x332.png\" alt=\"\" class=\"wp-image-3317\" style=\"width:407px;height:auto\" srcset=\"https:\/\/autoconsumo.minenergia.cl\/wp-content\/uploads\/2024\/12\/image-4-1024x332.png 1024w, https:\/\/autoconsumo.minenergia.cl\/wp-content\/uploads\/2024\/12\/image-4-300x97.png 300w, https:\/\/autoconsumo.minenergia.cl\/wp-content\/uploads\/2024\/12\/image-4-768x249.png 768w, https:\/\/autoconsumo.minenergia.cl\/wp-content\/uploads\/2024\/12\/image-4-1536x497.png 1536w, https:\/\/autoconsumo.minenergia.cl\/wp-content\/uploads\/2024\/12\/image-4-660x214.png 660w, https:\/\/autoconsumo.minenergia.cl\/wp-content\/uploads\/2024\/12\/image-4.png 1600w\" sizes=\"auto, (max-width: 1024px) 100vw, 1024px\" \/><\/a><\/figure>\n\n\n\n<p>El <a href=\"https:\/\/bc-geotermica.minenergia.cl\/inicio\" target=\"_blank\" rel=\"noreferrer noopener\">Explorador de Bombas de Calor Geot\u00e9rmicas del Ministerio de Energ\u00eda<\/a> permite dar a conocer la tecnolog\u00eda mediante la navegaci\u00f3n por una simulaci\u00f3n de la eficiencia\/rendimiento de una bomba de calor geot\u00e9rmica, calcular la potencia necesaria para un proyecto y la visualizaci\u00f3n de recurso geot\u00e9rmico<\/p>\n\n\n\n<h2 class=\"wp-block-heading\">Bombas de calor: una guia para el usuario<\/h2>\n\n\n\n<figure class=\"wp-block-image size-full is-resized\"><a href=\"https:\/\/autoconsumo.minenergia.cl\/wp-content\/uploads\/2020\/10\/Guia-Bombas-de-Calor.pdf\" target=\"_blank\" rel=\"noreferrer noopener\"><img loading=\"lazy\" decoding=\"async\" width=\"390\" height=\"555\" src=\"https:\/\/autoconsumo.minenergia.cl\/wp-content\/uploads\/2024\/12\/image-2.png\" alt=\"\" class=\"wp-image-3302\" style=\"width:182px;height:auto\" srcset=\"https:\/\/autoconsumo.minenergia.cl\/wp-content\/uploads\/2024\/12\/image-2.png 390w, https:\/\/autoconsumo.minenergia.cl\/wp-content\/uploads\/2024\/12\/image-2-211x300.png 211w\" sizes=\"auto, (max-width: 390px) 100vw, 390px\" \/><\/a><\/figure>\n\n\n\n<h2 class=\"wp-block-heading\">Indice de precios Bombas de Calor Geot\u00e9rmicas y Aerot\u00e9rmicas en Chile 2019<\/h2>\n\n\n\n<figure class=\"wp-block-image size-full is-resized\"><a href=\"https:\/\/www.energia.gob.cl\/sites\/default\/files\/indice_de_precios.pdf\" target=\"_blank\" rel=\"noreferrer noopener\"><img loading=\"lazy\" decoding=\"async\" width=\"696\" height=\"859\" src=\"https:\/\/autoconsumo.minenergia.cl\/wp-content\/uploads\/2024\/12\/image.png\" alt=\"\" class=\"wp-image-3299\" style=\"width:180px;height:auto\" srcset=\"https:\/\/autoconsumo.minenergia.cl\/wp-content\/uploads\/2024\/12\/image.png 696w, https:\/\/autoconsumo.minenergia.cl\/wp-content\/uploads\/2024\/12\/image-243x300.png 243w, https:\/\/autoconsumo.minenergia.cl\/wp-content\/uploads\/2024\/12\/image-660x815.png 660w\" sizes=\"auto, (max-width: 696px) 100vw, 696px\" \/><\/a><\/figure>\n\n\n\n<p>El objetivo general es elaborar para el a\u00f1o 2019, los primeros indicadores de precios<br>referentes al mercado de bombas de calor aerot\u00e9rmicas y geot\u00e9rmicas en Chile,<br>considerando de manera desagregada precios de venta, instalaci\u00f3n y mantenci\u00f3n<br>preventiva de las principales tecnolog\u00edas de bombas de calor, adem\u00e1s de precios de<br>suministro e instalaci\u00f3n de sistemas emisores.<\/p>\n\n\n\n<h2 class=\"wp-block-heading\">Listado de proveedores bombas de calor geotermicas y aerotermocas en Chile, 2020<\/h2>\n\n\n\n<figure class=\"wp-block-image size-full is-resized\"><a href=\"https:\/\/www.energia.gob.cl\/sites\/default\/files\/lista_de_proveedores.pdf\" target=\"_blank\" rel=\"noreferrer noopener\"><img loading=\"lazy\" decoding=\"async\" width=\"648\" height=\"827\" src=\"https:\/\/autoconsumo.minenergia.cl\/wp-content\/uploads\/2024\/12\/image-3.png\" alt=\"\" class=\"wp-image-3303\" style=\"width:186px;height:auto\" srcset=\"https:\/\/autoconsumo.minenergia.cl\/wp-content\/uploads\/2024\/12\/image-3.png 648w, https:\/\/autoconsumo.minenergia.cl\/wp-content\/uploads\/2024\/12\/image-3-235x300.png 235w\" sizes=\"auto, (max-width: 648px) 100vw, 648px\" \/><\/a><\/figure>\n\n\n\n<p>Corresponde al catastro de todas las empresas que participaron del estudio: \u201c\u00cdndice<br>de Precios de Bombas de Calor Geot\u00e9rmicas y Aerot\u00e9rmicas en Chile\u201d, exponiendo su logotipo y una breve rese\u00f1a de los servicios que realizan con relaci\u00f3n al mercado de bombas de calor. Asimismo, se incorporan las \u00e1reas contestadas por cada una de las empresas en la encuesta que fue parte de este estudio de mercado.<\/p>\n\n\n\n<h2 class=\"wp-block-heading\">Gu\u00eda introductoria de bombas de calor geot\u00e9rmico<\/h2>\n\n\n\n<figure class=\"wp-block-image size-full is-resized\"><a href=\"https:\/\/autoconsumo.minenergia.cl\/wp-content\/uploads\/2017\/10\/EEC2875-Geothermal-Heat-pump-guide-6_2-FA_CS5_edit.pdf\" target=\"_blank\" rel=\"noreferrer noopener\"><img loading=\"lazy\" decoding=\"async\" width=\"428\" height=\"603\" src=\"https:\/\/autoconsumo.minenergia.cl\/wp-content\/uploads\/2024\/12\/image-5.png\" alt=\"\" class=\"wp-image-3318\" style=\"width:182px;height:auto\" srcset=\"https:\/\/autoconsumo.minenergia.cl\/wp-content\/uploads\/2024\/12\/image-5.png 428w, https:\/\/autoconsumo.minenergia.cl\/wp-content\/uploads\/2024\/12\/image-5-213x300.png 213w\" sizes=\"auto, (max-width: 428px) 100vw, 428px\" \/><\/a><\/figure>\n\n\n\n<p>Es una gu\u00eda t\u00e9cnica introductoria de bombas de calor geot\u00e9rmico, elaborada por el&nbsp;<strong>GNS SCIENCE<\/strong>&nbsp;para la agencia&nbsp;<strong>Energy Efficiency and Conservation Authority<\/strong>&nbsp;(EECA)&nbsp;de&nbsp;<strong>Nueva Zelanda<\/strong>. Esta gu\u00eda cuenta con la autorizaci\u00f3n oficial del Gobierno de Nueva Zelanda para ser distribuida y empleada por el Gobierno de Chile. Notar que el cap\u00edtulo &nbsp;\u201c8. Regulatory Considerations\u201d de esta gu\u00eda, hace referencia a la normativa legal y ambiental de Nueva Zelanda, por lo que no aplica para casos en Chile. Descargar&nbsp;&nbsp;<a href=\"https:\/\/autoconsumo.minenergia.cl\/wp-content\/uploads\/2017\/10\/EEC2875-Geothermal-Heat-pump-guide-6_2-FA_CS5_edit.pdf\" target=\"_blank\" rel=\"noreferrer noopener\">aqu\u00ed.<\/a><\/p>\n\n\n\n<h2 class=\"wp-block-heading\">Brochure Geotermia Energ\u00eda de la Tierra, 2018<\/h2>\n\n\n\n<figure class=\"wp-block-image size-full is-resized\"><img loading=\"lazy\" decoding=\"async\" width=\"833\" height=\"837\" src=\"https:\/\/autoconsumo.minenergia.cl\/wp-content\/uploads\/2024\/12\/image-6.png\" alt=\"\" class=\"wp-image-3319\" style=\"width:178px;height:auto\" srcset=\"https:\/\/autoconsumo.minenergia.cl\/wp-content\/uploads\/2024\/12\/image-6.png 833w, https:\/\/autoconsumo.minenergia.cl\/wp-content\/uploads\/2024\/12\/image-6-300x300.png 300w, https:\/\/autoconsumo.minenergia.cl\/wp-content\/uploads\/2024\/12\/image-6-150x150.png 150w, https:\/\/autoconsumo.minenergia.cl\/wp-content\/uploads\/2024\/12\/image-6-768x772.png 768w, https:\/\/autoconsumo.minenergia.cl\/wp-content\/uploads\/2024\/12\/image-6-660x663.png 660w\" sizes=\"auto, (max-width: 833px) 100vw, 833px\" \/><\/figure>\n\n\n\n<p>Descargar&nbsp;<a href=\"https:\/\/autoconsumo.minenergia.cl\/wp-content\/uploads\/2018\/07\/41810-BROCHURE7-MINIS-ENERGIA-@.pdf\" target=\"_blank\" rel=\"noreferrer noopener\">aqu\u00ed.<\/a><\/p>\n\n\n\n<p><\/p>\n","protected":false},"excerpt":{"rendered":"<p>Explorador bombas de calor El Explorador de Bombas de Calor Geot\u00e9rmicas del Ministerio de Energ\u00eda permite dar a conocer la tecnolog\u00eda mediante la navegaci\u00f3n por una simulaci\u00f3n de la eficiencia\/rendimiento de una bomba de calor geot\u00e9rmica, calcular la potencia necesaria para un proyecto y la visualizaci\u00f3n de recurso geot\u00e9rmico Bombas de calor: una guia para [&hellip;]<\/p>\n","protected":false},"author":7,"featured_media":0,"parent":0,"menu_order":0,"comment_status":"closed","ping_status":"closed","template":"","meta":{"footnotes":""},"class_list":["post-3412","page","type-page","status-publish","hentry"],"_links":{"self":[{"href":"https:\/\/autoconsumo.minenergia.cl\/index.php?rest_route=\/wp\/v2\/pages\/3412","targetHints":{"allow":["GET"]}}],"collection":[{"href":"https:\/\/autoconsumo.minenergia.cl\/index.php?rest_route=\/wp\/v2\/pages"}],"about":[{"href":"https:\/\/autoconsumo.minenergia.cl\/index.php?rest_route=\/wp\/v2\/types\/page"}],"author":[{"embeddable":true,"href":"https:\/\/autoconsumo.minenergia.cl\/index.php?rest_route=\/wp\/v2\/users\/7"}],"replies":[{"embeddable":true,"href":"https:\/\/autoconsumo.minenergia.cl\/index.php?rest_route=%2Fwp%2Fv2%2Fcomments&post=3412"}],"version-history":[{"count":5,"href":"https:\/\/autoconsumo.minenergia.cl\/index.php?rest_route=\/wp\/v2\/pages\/3412\/revisions"}],"predecessor-version":[{"id":3926,"href":"https:\/\/autoconsumo.minenergia.cl\/index.php?rest_route=\/wp\/v2\/pages\/3412\/revisions\/3926"}],"wp:attachment":[{"href":"https:\/\/autoconsumo.minenergia.cl\/index.php?rest_route=%2Fwp%2Fv2%2Fmedia&parent=3412"}],"curies":[{"name":"wp","href":"https:\/\/api.w.org\/{rel}","templated":true}]}}