{"id":3421,"date":"2024-12-11T12:59:44","date_gmt":"2024-12-11T12:59:44","guid":{"rendered":"https:\/\/autoconsumo.minenergia.cl\/?page_id=3421"},"modified":"2024-12-16T19:14:47","modified_gmt":"2024-12-16T19:14:47","slug":"5-1-aspectos-tecnicos-y-economicos","status":"publish","type":"page","link":"https:\/\/autoconsumo.minenergia.cl\/?page_id=3421","title":{"rendered":"5.1 Aspectos t\u00e9cnicos y econ\u00f3micos \u2013 Caldera de biomasa"},"content":{"rendered":"\n<h3 class=\"wp-block-heading\">Dimensionamiento calderas de biomasa<\/h3>\n\n\n\n<p>Para proyectos nuevos de biomasa, deben tenerse en cuenta principalmente los costos de inversi\u00f3n inicial de la tecnolog\u00eda (CAPEX) y la disponibilidad de biomasa (existencia de proveedores).<\/p>\n\n\n\n<p>Si el proyecto ya cuenta con una inversi\u00f3n realizada y se desea reemplazar el combustible f\u00f3sil por biomasa, se debe tener en cuenta el costo de la adaptaci\u00f3n (cambio de quemadores) y el costo de suministro del combustible.<\/p>\n\n\n\n<h3 class=\"wp-block-heading\">Costos<\/h3>\n\n\n\n<p>Si bien se trata de tecnolog\u00edas maduras comercialmente, existe a\u00fan en Chile una gran disparidad de costos tanto de inversi\u00f3n (CAPEX) como de operaci\u00f3n, asociados a sistemas de mediana escala para la obtenci\u00f3n de calor con biomasa. Estos costos est\u00e1n determinados principalmente por el tipo de tecnolog\u00eda (calderas manuales versus autom\u00e1ticas o de parrilla fija versus m\u00f3vil) y tambi\u00e9n por el costo del combustible que en Chile todav\u00eda presenta una gran disparidad en cuanto a precio y calidad.<\/p>\n\n\n\n<p>Existen modelos de negocio interesantes,&nbsp;<a href=\"https:\/\/autoconsumo.minenergia.cl\/?page_id=222\" target=\"_blank\" rel=\"noreferrer noopener\">tipo ESCO<\/a>, a trav\u00e9s de los cuales es posible contratar la energ\u00eda sin necesidad de invertir en la tecnolog\u00eda, de manera similar a como se hace con la compra de gas natural por ejemplo.<\/p>\n\n\n\n<p>A continuaci\u00f3n se presentan algunos costos aproximados:<\/p>\n\n\n\n<p><img loading=\"lazy\" decoding=\"async\" src=\"https:\/\/autoconsumo.minenergia.cl\/wp-content\/uploads\/2017\/08\/tabla-costos-de-inversion-calderas-de-biomasa.jpg\" alt=\"\" width=\"550\" height=\"267\" srcset=\"https:\/\/autoconsumo.minenergia.cl\/wp-content\/uploads\/2017\/08\/tabla-costos-de-inversion-calderas-de-biomasa.jpg 1064w, https:\/\/autoconsumo.minenergia.cl\/wp-content\/uploads\/2017\/08\/tabla-costos-de-inversion-calderas-de-biomasa-300x145.jpg 300w, https:\/\/autoconsumo.minenergia.cl\/wp-content\/uploads\/2017\/08\/tabla-costos-de-inversion-calderas-de-biomasa-768x372.jpg 768w, https:\/\/autoconsumo.minenergia.cl\/wp-content\/uploads\/2017\/08\/tabla-costos-de-inversion-calderas-de-biomasa-1024x497.jpg 1024w, https:\/\/autoconsumo.minenergia.cl\/wp-content\/uploads\/2017\/08\/tabla-costos-de-inversion-calderas-de-biomasa-660x320.jpg 660w\"><br><strong>Tabla: Costo de inversi\u00f3n de calderas de biomasa seg\u00fan potencia.<br><\/strong><strong>Fuente: John O\u00b4Ryan para CIFES, 2016<\/strong><\/p>\n\n\n\n<h2 class=\"wp-block-heading\">Proveedores<\/h2>\n\n\n\n<ul class=\"wp-block-list\">\n<li><a href=\"https:\/\/autoconsumo.minenergia.cl\/?wpdmpro=listado-de-proveedores-de-calderas-2016\">Listado de Proveedores de Calderas, 2016.<\/a><\/li>\n\n\n\n<li><a href=\"https:\/\/autoconsumo.minenergia.cl\/?wpdmpro=listado-de-proveedores-de-pellets\">Listado de Proveedores de Pellets.<\/a><\/li>\n\n\n\n<li><a href=\"https:\/\/autoconsumo.minenergia.cl\/?wpdmpro=listado-de-astilladores-y-centrales-de-astillado-2016\">Listado de Astilladores y Centrales de Astillado, 2016.<\/a><\/li>\n<\/ul>\n\n\n\n<h2 class=\"wp-block-heading\">Tipos de Calderas<\/h2>\n\n\n\n<p>La combusti\u00f3n directa en una caldera es la forma m\u00e1s com\u00fan para la obtenci\u00f3n de energ\u00eda a partir de la biomasa.<\/p>\n\n\n\n<p>En aplicaciones industriales, son dos las tecnolog\u00edas principalmente utilizadas: la combusti\u00f3n en calderas de lecho fijo y en lecho fluidizado.<\/p>\n\n\n\n<figure class=\"wp-block-image\"><img loading=\"lazy\" decoding=\"async\" width=\"575\" height=\"240\" src=\"https:\/\/autoconsumo.minenergia.cl\/wp-content\/uploads\/2017\/08\/imagen1.jpg\" alt=\"\" class=\"wp-image-1141\" srcset=\"https:\/\/autoconsumo.minenergia.cl\/wp-content\/uploads\/2017\/08\/imagen1.jpg 575w, https:\/\/autoconsumo.minenergia.cl\/wp-content\/uploads\/2017\/08\/imagen1-300x125.jpg 300w\" sizes=\"auto, (max-width: 575px) 100vw, 575px\" \/><\/figure>\n\n\n\n<p><em><strong>Fuente: Energie aus Biomasse. Grundlagen, Techniken und Verfahren<\/strong><\/em><\/p>\n\n\n\n<ul class=\"wp-block-list\">\n<li><strong>Combusti\u00f3n en calderas de lecho fijo<\/strong>: la combusti\u00f3n ocurre en una parrilla, produciendo un flujo de gases calientes que se usan para generar vapor, siendo las cenizas removidas continuamente durante la combusti\u00f3n.<\/li>\n\n\n\n<li><strong>Combusti\u00f3n en calderas de lecho fluidizado (FBC<\/strong>): el combustible es suspendido por una o varias corrientes de aire inyectadas durante la combusti\u00f3n. Esta tecnolog\u00eda es m\u00e1s vers\u00e1til, al permitir quemar una amplia gama de combustibles con altos niveles de humedad (m\u00e1s de 50%), presentan menores emisiones (NO<sub>X<\/sub>, SO<sub>X<\/sub>&nbsp;y CO<sub>2<\/sub>) y es en general m\u00e1s eficiente.<\/li>\n<\/ul>\n\n\n\n<p>El vapor producido en las calderas es inyectado en turbinas de vapor las que transforman el calor en energ\u00eda mec\u00e1nica que a su vez sirve para generar electricidad.<\/p>\n\n\n\n<p>Para aplicaciones de autoconsumo de mediana escala (Pymes), las calderas pueden clasificarse en base a los siguientes criterios:<\/p>\n\n\n\n<h3 class=\"wp-block-heading\">Calderas seg\u00fan el combustible utilizado<\/h3>\n\n\n\n<figure class=\"wp-block-image\"><img loading=\"lazy\" decoding=\"async\" width=\"1199\" height=\"403\" src=\"https:\/\/autoconsumo.minenergia.cl\/wp-content\/uploads\/2017\/08\/caldera-segun-el-combustible.jpg\" alt=\"\" class=\"wp-image-1142\" srcset=\"https:\/\/autoconsumo.minenergia.cl\/wp-content\/uploads\/2017\/08\/caldera-segun-el-combustible.jpg 1199w, https:\/\/autoconsumo.minenergia.cl\/wp-content\/uploads\/2017\/08\/caldera-segun-el-combustible-300x101.jpg 300w, https:\/\/autoconsumo.minenergia.cl\/wp-content\/uploads\/2017\/08\/caldera-segun-el-combustible-768x258.jpg 768w, https:\/\/autoconsumo.minenergia.cl\/wp-content\/uploads\/2017\/08\/caldera-segun-el-combustible-1024x344.jpg 1024w, https:\/\/autoconsumo.minenergia.cl\/wp-content\/uploads\/2017\/08\/caldera-segun-el-combustible-660x222.jpg 660w\" sizes=\"auto, (max-width: 1199px) 100vw, 1199px\" \/><\/figure>\n\n\n\n<h3 class=\"wp-block-heading\">Calderas seg\u00fan el sistema de combusti\u00f3n<\/h3>\n\n\n\n<figure class=\"wp-block-image\"><img loading=\"lazy\" decoding=\"async\" width=\"1199\" height=\"331\" src=\"https:\/\/autoconsumo.minenergia.cl\/wp-content\/uploads\/2017\/08\/caldera-segun-el-sistema.jpg\" alt=\"\" class=\"wp-image-1143\" srcset=\"https:\/\/autoconsumo.minenergia.cl\/wp-content\/uploads\/2017\/08\/caldera-segun-el-sistema.jpg 1199w, https:\/\/autoconsumo.minenergia.cl\/wp-content\/uploads\/2017\/08\/caldera-segun-el-sistema-300x83.jpg 300w, https:\/\/autoconsumo.minenergia.cl\/wp-content\/uploads\/2017\/08\/caldera-segun-el-sistema-768x212.jpg 768w, https:\/\/autoconsumo.minenergia.cl\/wp-content\/uploads\/2017\/08\/caldera-segun-el-sistema-1024x283.jpg 1024w, https:\/\/autoconsumo.minenergia.cl\/wp-content\/uploads\/2017\/08\/caldera-segun-el-sistema-660x182.jpg 660w\" sizes=\"auto, (max-width: 1199px) 100vw, 1199px\" \/><\/figure>\n\n\n\n<h3 class=\"wp-block-heading\">Calderas seg\u00fan nivel de automatizaci\u00f3n<\/h3>\n\n\n\n<figure class=\"wp-block-image\"><img loading=\"lazy\" decoding=\"async\" width=\"1199\" height=\"224\" src=\"https:\/\/autoconsumo.minenergia.cl\/wp-content\/uploads\/2017\/08\/caldera-segun-nivel-de-automatizacion.jpg\" alt=\"\" class=\"wp-image-1144\" srcset=\"https:\/\/autoconsumo.minenergia.cl\/wp-content\/uploads\/2017\/08\/caldera-segun-nivel-de-automatizacion.jpg 1199w, https:\/\/autoconsumo.minenergia.cl\/wp-content\/uploads\/2017\/08\/caldera-segun-nivel-de-automatizacion-300x56.jpg 300w, https:\/\/autoconsumo.minenergia.cl\/wp-content\/uploads\/2017\/08\/caldera-segun-nivel-de-automatizacion-768x143.jpg 768w, https:\/\/autoconsumo.minenergia.cl\/wp-content\/uploads\/2017\/08\/caldera-segun-nivel-de-automatizacion-1024x191.jpg 1024w, https:\/\/autoconsumo.minenergia.cl\/wp-content\/uploads\/2017\/08\/caldera-segun-nivel-de-automatizacion-660x123.jpg 660w\" sizes=\"auto, (max-width: 1199px) 100vw, 1199px\" \/><\/figure>\n\n\n\n<iframe loading=\"lazy\" width=\"560\" height=\"315\" src=\"https:\/\/www.youtube.com\/embed\/l7U4kdCfG-8?si=qe5ymQUxGkPtqUf6\" title=\"YouTube video player\" frameborder=\"0\" allow=\"accelerometer; autoplay; clipboard-write; encrypted-media; gyroscope; picture-in-picture; web-share\" referrerpolicy=\"strict-origin-when-cross-origin\" allowfullscreen><\/iframe>\n\n\n\n<p>Video: Biomasa &#8211; Ministerio de Energ\u00eda<\/p>\n","protected":false},"excerpt":{"rendered":"<p>Dimensionamiento calderas de biomasa Para proyectos nuevos de biomasa, deben tenerse en cuenta principalmente los costos de inversi\u00f3n inicial de la tecnolog\u00eda (CAPEX) y la disponibilidad de biomasa (existencia de proveedores). Si el proyecto ya cuenta con una inversi\u00f3n realizada y se desea reemplazar el combustible f\u00f3sil por biomasa, se debe tener en cuenta el [&hellip;]<\/p>\n","protected":false},"author":7,"featured_media":0,"parent":0,"menu_order":0,"comment_status":"closed","ping_status":"closed","template":"","meta":{"footnotes":""},"class_list":["post-3421","page","type-page","status-publish","hentry"],"_links":{"self":[{"href":"https:\/\/autoconsumo.minenergia.cl\/index.php?rest_route=\/wp\/v2\/pages\/3421","targetHints":{"allow":["GET"]}}],"collection":[{"href":"https:\/\/autoconsumo.minenergia.cl\/index.php?rest_route=\/wp\/v2\/pages"}],"about":[{"href":"https:\/\/autoconsumo.minenergia.cl\/index.php?rest_route=\/wp\/v2\/types\/page"}],"author":[{"embeddable":true,"href":"https:\/\/autoconsumo.minenergia.cl\/index.php?rest_route=\/wp\/v2\/users\/7"}],"replies":[{"embeddable":true,"href":"https:\/\/autoconsumo.minenergia.cl\/index.php?rest_route=%2Fwp%2Fv2%2Fcomments&post=3421"}],"version-history":[{"count":3,"href":"https:\/\/autoconsumo.minenergia.cl\/index.php?rest_route=\/wp\/v2\/pages\/3421\/revisions"}],"predecessor-version":[{"id":3787,"href":"https:\/\/autoconsumo.minenergia.cl\/index.php?rest_route=\/wp\/v2\/pages\/3421\/revisions\/3787"}],"wp:attachment":[{"href":"https:\/\/autoconsumo.minenergia.cl\/index.php?rest_route=%2Fwp%2Fv2%2Fmedia&parent=3421"}],"curies":[{"name":"wp","href":"https:\/\/api.w.org\/{rel}","templated":true}]}}

5.1 Aspectos técnicos y económicos – Caldera de biomasa

<h3 class="wp-block-heading">Dimensionamiento calderas de biomasa</h3>



<p>Para proyectos nuevos de biomasa, deben tenerse en cuenta principalmente los costos de inversión inicial de la tecnología (CAPEX) y la disponibilidad de biomasa (existencia de proveedores).</p>



<p>Si el proyecto ya cuenta con una inversión realizada y se desea reemplazar el combustible fósil por biomasa, se debe tener en cuenta el costo de la adaptación (cambio de quemadores) y el costo de suministro del combustible.</p>



<h3 class="wp-block-heading">Costos</h3>



<p>Si bien se trata de tecnologías maduras comercialmente, existe aún en Chile una gran disparidad de costos tanto de inversión (CAPEX) como de operación, asociados a sistemas de mediana escala para la obtención de calor con biomasa. Estos costos están determinados principalmente por el tipo de tecnología (calderas manuales versus automáticas o de parrilla fija versus móvil) y también por el costo del combustible que en Chile todavía presenta una gran disparidad en cuanto a precio y calidad.</p>



<p>Existen modelos de negocio interesantes,&nbsp;<a href="https://autoconsumo.minenergia.cl/?page_id=222" target="_blank" rel="noreferrer noopener">tipo ESCO</a>, a través de los cuales es posible contratar la energía sin necesidad de invertir en la tecnología, de manera similar a como se hace con la compra de gas natural por ejemplo.</p>



<p>A continuación se presentan algunos costos aproximados:</p>



<p><img loading="lazy" decoding="async" src="https://autoconsumo.minenergia.cl/wp-content/uploads/2017/08/tabla-costos-de-inversion-calderas-de-biomasa.jpg" alt="" width="550" height="267" srcset="https://autoconsumo.minenergia.cl/wp-content/uploads/2017/08/tabla-costos-de-inversion-calderas-de-biomasa.jpg 1064w, https://autoconsumo.minenergia.cl/wp-content/uploads/2017/08/tabla-costos-de-inversion-calderas-de-biomasa-300x145.jpg 300w, https://autoconsumo.minenergia.cl/wp-content/uploads/2017/08/tabla-costos-de-inversion-calderas-de-biomasa-768x372.jpg 768w, https://autoconsumo.minenergia.cl/wp-content/uploads/2017/08/tabla-costos-de-inversion-calderas-de-biomasa-1024x497.jpg 1024w, https://autoconsumo.minenergia.cl/wp-content/uploads/2017/08/tabla-costos-de-inversion-calderas-de-biomasa-660x320.jpg 660w"><br><strong>Tabla: Costo de inversión de calderas de biomasa según potencia.<br></strong><strong>Fuente: John O´Ryan para CIFES, 2016</strong></p>



<h2 class="wp-block-heading">Proveedores</h2>



<ul class="wp-block-list">
<li><a href="https://autoconsumo.minenergia.cl/?wpdmpro=listado-de-proveedores-de-calderas-2016">Listado de Proveedores de Calderas, 2016.</a></li>



<li><a href="https://autoconsumo.minenergia.cl/?wpdmpro=listado-de-proveedores-de-pellets">Listado de Proveedores de Pellets.</a></li>



<li><a href="https://autoconsumo.minenergia.cl/?wpdmpro=listado-de-astilladores-y-centrales-de-astillado-2016">Listado de Astilladores y Centrales de Astillado, 2016.</a></li>
</ul>



<h2 class="wp-block-heading">Tipos de Calderas</h2>



<p>La combustión directa en una caldera es la forma más común para la obtención de energía a partir de la biomasa.</p>



<p>En aplicaciones industriales, son dos las tecnologías principalmente utilizadas: la combustión en calderas de lecho fijo y en lecho fluidizado.</p>



<figure class="wp-block-image"><img loading="lazy" decoding="async" width="575" height="240" src="https://autoconsumo.minenergia.cl/wp-content/uploads/2017/08/imagen1.jpg" alt="" class="wp-image-1141" srcset="https://autoconsumo.minenergia.cl/wp-content/uploads/2017/08/imagen1.jpg 575w, https://autoconsumo.minenergia.cl/wp-content/uploads/2017/08/imagen1-300x125.jpg 300w" sizes="auto, (max-width: 575px) 100vw, 575px" /></figure>



<p><em><strong>Fuente: Energie aus Biomasse. Grundlagen, Techniken und Verfahren</strong></em></p>



<ul class="wp-block-list">
<li><strong>Combustión en calderas de lecho fijo</strong>: la combustión ocurre en una parrilla, produciendo un flujo de gases calientes que se usan para generar vapor, siendo las cenizas removidas continuamente durante la combustión.</li>



<li><strong>Combustión en calderas de lecho fluidizado (FBC</strong>): el combustible es suspendido por una o varias corrientes de aire inyectadas durante la combustión. Esta tecnología es más versátil, al permitir quemar una amplia gama de combustibles con altos niveles de humedad (más de 50%), presentan menores emisiones (NO<sub>X</sub>, SO<sub>X</sub>&nbsp;y CO<sub>2</sub>) y es en general más eficiente.</li>
</ul>



<p>El vapor producido en las calderas es inyectado en turbinas de vapor las que transforman el calor en energía mecánica que a su vez sirve para generar electricidad.</p>



<p>Para aplicaciones de autoconsumo de mediana escala (Pymes), las calderas pueden clasificarse en base a los siguientes criterios:</p>



<h3 class="wp-block-heading">Calderas según el combustible utilizado</h3>



<figure class="wp-block-image"><img loading="lazy" decoding="async" width="1199" height="403" src="https://autoconsumo.minenergia.cl/wp-content/uploads/2017/08/caldera-segun-el-combustible.jpg" alt="" class="wp-image-1142" srcset="https://autoconsumo.minenergia.cl/wp-content/uploads/2017/08/caldera-segun-el-combustible.jpg 1199w, https://autoconsumo.minenergia.cl/wp-content/uploads/2017/08/caldera-segun-el-combustible-300x101.jpg 300w, https://autoconsumo.minenergia.cl/wp-content/uploads/2017/08/caldera-segun-el-combustible-768x258.jpg 768w, https://autoconsumo.minenergia.cl/wp-content/uploads/2017/08/caldera-segun-el-combustible-1024x344.jpg 1024w, https://autoconsumo.minenergia.cl/wp-content/uploads/2017/08/caldera-segun-el-combustible-660x222.jpg 660w" sizes="auto, (max-width: 1199px) 100vw, 1199px" /></figure>



<h3 class="wp-block-heading">Calderas según el sistema de combustión</h3>



<figure class="wp-block-image"><img loading="lazy" decoding="async" width="1199" height="331" src="https://autoconsumo.minenergia.cl/wp-content/uploads/2017/08/caldera-segun-el-sistema.jpg" alt="" class="wp-image-1143" srcset="https://autoconsumo.minenergia.cl/wp-content/uploads/2017/08/caldera-segun-el-sistema.jpg 1199w, https://autoconsumo.minenergia.cl/wp-content/uploads/2017/08/caldera-segun-el-sistema-300x83.jpg 300w, https://autoconsumo.minenergia.cl/wp-content/uploads/2017/08/caldera-segun-el-sistema-768x212.jpg 768w, https://autoconsumo.minenergia.cl/wp-content/uploads/2017/08/caldera-segun-el-sistema-1024x283.jpg 1024w, https://autoconsumo.minenergia.cl/wp-content/uploads/2017/08/caldera-segun-el-sistema-660x182.jpg 660w" sizes="auto, (max-width: 1199px) 100vw, 1199px" /></figure>



<h3 class="wp-block-heading">Calderas según nivel de automatización</h3>



<figure class="wp-block-image"><img loading="lazy" decoding="async" width="1199" height="224" src="https://autoconsumo.minenergia.cl/wp-content/uploads/2017/08/caldera-segun-nivel-de-automatizacion.jpg" alt="" class="wp-image-1144" srcset="https://autoconsumo.minenergia.cl/wp-content/uploads/2017/08/caldera-segun-nivel-de-automatizacion.jpg 1199w, https://autoconsumo.minenergia.cl/wp-content/uploads/2017/08/caldera-segun-nivel-de-automatizacion-300x56.jpg 300w, https://autoconsumo.minenergia.cl/wp-content/uploads/2017/08/caldera-segun-nivel-de-automatizacion-768x143.jpg 768w, https://autoconsumo.minenergia.cl/wp-content/uploads/2017/08/caldera-segun-nivel-de-automatizacion-1024x191.jpg 1024w, https://autoconsumo.minenergia.cl/wp-content/uploads/2017/08/caldera-segun-nivel-de-automatizacion-660x123.jpg 660w" sizes="auto, (max-width: 1199px) 100vw, 1199px" /></figure>



<iframe loading="lazy" width="560" height="315" src="https://www.youtube.com/embed/l7U4kdCfG-8?si=qe5ymQUxGkPtqUf6" title="YouTube video player" frameborder="0" allow="accelerometer; autoplay; clipboard-write; encrypted-media; gyroscope; picture-in-picture; web-share" referrerpolicy="strict-origin-when-cross-origin" allowfullscreen></iframe>



<p>Video: Biomasa &#8211; Ministerio de Energía</p>

<p>Dimensionamiento calderas de biomasa Para proyectos nuevos de biomasa, deben tenerse en cuenta principalmente los costos de inversión inicial de la tecnología (CAPEX) y la disponibilidad de biomasa (existencia de proveedores). Si el proyecto ya cuenta con una inversión realizada y se desea reemplazar el combustible fósil por biomasa, se debe tener en cuenta el [&hellip;]</p>
