{"id":3425,"date":"2024-12-11T13:01:37","date_gmt":"2024-12-11T13:01:37","guid":{"rendered":"https:\/\/autoconsumo.minenergia.cl\/?page_id=3425"},"modified":"2024-12-16T19:15:08","modified_gmt":"2024-12-16T19:15:08","slug":"5-3-normativa","status":"publish","type":"page","link":"https:\/\/autoconsumo.minenergia.cl\/?page_id=3425","title":{"rendered":"5.3 Normativa \u2013 Caldera de biomasa"},"content":{"rendered":"\n<h2 class=\"wp-block-heading\">Buscador de Normas de Bioenerg\u00eda<\/h2>\n\n\n\n<p>A continuaci\u00f3n podr\u00e1 ingresar al Buscador de Normas de Bioenerg\u00eda, elaborado por el Ministerio de Energ\u00eda.<\/p>\n\n\n\n<figure class=\"wp-block-image\"><a href=\"https:\/\/autoconsumo.minenergia.cl\/?page_id=2270\" target=\"_blank\" rel=\"noreferrer noopener\"><img loading=\"lazy\" decoding=\"async\" width=\"381\" height=\"100\" src=\"https:\/\/autoconsumo.minenergia.cl\/wp-content\/uploads\/2018\/07\/bannerBuscador_recortado_pequeno.png\" alt=\"\" class=\"wp-image-2402\" srcset=\"https:\/\/autoconsumo.minenergia.cl\/wp-content\/uploads\/2018\/07\/bannerBuscador_recortado_pequeno.png 381w, https:\/\/autoconsumo.minenergia.cl\/wp-content\/uploads\/2018\/07\/bannerBuscador_recortado_pequeno-300x79.png 300w\" sizes=\"auto, (max-width: 381px) 100vw, 381px\" \/><\/a><\/figure>\n\n\n\n<p>El Buscador contiene una sistematizaci\u00f3n del marco legal actualmente vigente para la bioenerg\u00eda, abord\u00e1ndola desde el punto de vista de la regulaci\u00f3n del combustible, de las tecnolog\u00edas de generaci\u00f3n, de los sistemas de transporte y distribuci\u00f3n u otros aspectos tales como el tratamiento tributario. &nbsp;<\/p>\n\n\n\n<p><strong>Incorpora:<\/strong><\/p>\n\n\n\n<ul class=\"wp-block-list\">\n<li><strong>Marco legal aplicable al Biog\u00e1s, Biometano y subproductos<\/strong><\/li>\n\n\n\n<li><strong>Marco legal aplicable a la biomasa<\/strong><\/li>\n\n\n\n<li><strong>Marco legal aplicable a biocombustibles l\u00edquidos (etanol y biodiesel)<\/strong><\/li>\n<\/ul>\n\n\n\n<p>Nota: El buscador no incorpora el marco legal relativo a la tramitaci\u00f3n ambiental de los proyectos.<\/p>\n\n\n\n<h2 class=\"wp-block-heading\">Normativa para calefactor o caldera a biomasa<\/h2>\n\n\n\n<ol class=\"wp-block-list\">\n<li>Lo relativo a proyectos de generaci\u00f3n distribuida, si corresponde.<\/li>\n\n\n\n<li>Decreto N\u00b0 10\/2013, del Ministerio de Salud, que aprueba reglamento de calderas, autoclaves y equipos que utilizan vapor de agua.<\/li>\n\n\n\n<li>Decreto N\u00b0 29\/2013, del Ministerio de Medio Ambiente, que establece norma de emisi\u00f3n para<br>incineraci\u00f3n, coincineraci\u00f3n y coprocesamiento. No se permitir\u00e1 utilizar biomasa tratada.<\/li>\n\n\n\n<li>Indicar la procedencia de la biomasa, y si \u00e9sta es biomasa forestal, deber\u00e1 ser de origen sostenible. Origen sostenible se define como residuos forestales obtenidos en instalaciones de procesamiento de madera (como aserr\u00edn y viruta), de podas de \u00e1reas verdes comunales, o del manejo de bosque nativo o plantaciones forestales que han sido gestionados de forma sostenible (no hay tala y quema de los bosques, y la tasa de extracci\u00f3n de biomasa equivale como m\u00e1ximo a la tasa de crecimiento del bosque).<\/li>\n\n\n\n<li>Normativa de emisiones a la atm\u00f3sfera, incluyendo los planes de descontaminaci\u00f3n atmosf\u00e9rica<br>que les apliquen. Informaci\u00f3n disponible en el enlace web:<br><a href=\"http:\/\/planesynormas.mma.gob.cl\/login\/index.php.\">http:\/\/planesynormas.mma.gob.cl\/login\/index.php.<\/a><\/li>\n\n\n\n<li>Decreto Supremo N\u00b0 38 \/2011, del Ministerio de Medio Ambiente, que establece norma de emisi\u00f3n de ruidos generados por fuentes que indica, durante las etapas de implementaci\u00f3n y operaci\u00f3n del proyecto.<\/li>\n<\/ol>\n","protected":false},"excerpt":{"rendered":"<p>Buscador de Normas de Bioenerg\u00eda A continuaci\u00f3n podr\u00e1 ingresar al Buscador de Normas de Bioenerg\u00eda, elaborado por el Ministerio de Energ\u00eda. El Buscador contiene una sistematizaci\u00f3n del marco legal actualmente vigente para la bioenerg\u00eda, abord\u00e1ndola desde el punto de vista de la regulaci\u00f3n del combustible, de las tecnolog\u00edas de generaci\u00f3n, de los sistemas de transporte [&hellip;]<\/p>\n","protected":false},"author":7,"featured_media":0,"parent":0,"menu_order":0,"comment_status":"closed","ping_status":"closed","template":"","meta":{"footnotes":""},"class_list":["post-3425","page","type-page","status-publish","hentry"],"_links":{"self":[{"href":"https:\/\/autoconsumo.minenergia.cl\/index.php?rest_route=\/wp\/v2\/pages\/3425","targetHints":{"allow":["GET"]}}],"collection":[{"href":"https:\/\/autoconsumo.minenergia.cl\/index.php?rest_route=\/wp\/v2\/pages"}],"about":[{"href":"https:\/\/autoconsumo.minenergia.cl\/index.php?rest_route=\/wp\/v2\/types\/page"}],"author":[{"embeddable":true,"href":"https:\/\/autoconsumo.minenergia.cl\/index.php?rest_route=\/wp\/v2\/users\/7"}],"replies":[{"embeddable":true,"href":"https:\/\/autoconsumo.minenergia.cl\/index.php?rest_route=%2Fwp%2Fv2%2Fcomments&post=3425"}],"version-history":[{"count":2,"href":"https:\/\/autoconsumo.minenergia.cl\/index.php?rest_route=\/wp\/v2\/pages\/3425\/revisions"}],"predecessor-version":[{"id":3788,"href":"https:\/\/autoconsumo.minenergia.cl\/index.php?rest_route=\/wp\/v2\/pages\/3425\/revisions\/3788"}],"wp:attachment":[{"href":"https:\/\/autoconsumo.minenergia.cl\/index.php?rest_route=%2Fwp%2Fv2%2Fmedia&parent=3425"}],"curies":[{"name":"wp","href":"https:\/\/api.w.org\/{rel}","templated":true}]}}