{"id":3440,"date":"2024-12-11T13:26:13","date_gmt":"2024-12-11T13:26:13","guid":{"rendered":"https:\/\/autoconsumo.minenergia.cl\/?page_id=3440"},"modified":"2024-12-16T19:16:45","modified_gmt":"2024-12-16T19:16:45","slug":"6-4-iniciativas-relacionadas","status":"publish","type":"page","link":"https:\/\/autoconsumo.minenergia.cl\/?page_id=3440","title":{"rendered":"6.4 Iniciativas relacionadas \u2013 Biodigestor"},"content":{"rendered":"\n<h2 class=\"wp-block-heading\">Proyecto Biog\u00e1s Lechero<\/h2>\n\n\n\n<figure class=\"wp-block-image\"><a href=\"http:\/\/www.minenergia.cl\/biogaslechero\/\" target=\"_blank\" rel=\"noreferrer noopener\"><img loading=\"lazy\" decoding=\"async\" width=\"321\" height=\"101\" src=\"https:\/\/autoconsumo.minenergia.cl\/wp-content\/uploads\/2017\/08\/baner_biogas_lechero.png\" alt=\"\" class=\"wp-image-599\" srcset=\"https:\/\/autoconsumo.minenergia.cl\/wp-content\/uploads\/2017\/08\/baner_biogas_lechero.png 321w, https:\/\/autoconsumo.minenergia.cl\/wp-content\/uploads\/2017\/08\/baner_biogas_lechero-300x94.png 300w, https:\/\/autoconsumo.minenergia.cl\/wp-content\/uploads\/2017\/08\/baner_biogas_lechero-320x101.png 320w\" sizes=\"auto, (max-width: 321px) 100vw, 321px\" \/><\/a><\/figure>\n\n\n\n<p>El Ministerio de Energ\u00eda lider\u00f3 el proyecto, financiado por el GEF, denominado \u201cPromoviendo el desarrollo de la energ\u00eda a biog\u00e1s en peque\u00f1as y medianas agroindustrias seleccionadas\u201d con el apoyo de Organizaci\u00f3n de Naciones Unidas para el Desarrollo Industrial (ONUDI).<\/p>\n\n\n\n<p>El proyecto tiene por&nbsp;objetivo&nbsp;reducir las emisiones de gases de efecto invernadero promoviendo la inversi\u00f3n y el desarrollo del mercado de tecnolog\u00edas de energ\u00eda a biog\u00e1s en PYMES del sector lechero, al mismo tiempo aumentar el conocimiento de estas tecnolog\u00edas y el rol que pueden tener en el abastecimiento de energ\u00eda limpia y segura a largo plazo. En este marco, se evalu\u00f3 la factibilidad de desarrollar proyectos de biog\u00e1s con los purines de los animales de las lecher\u00edas medianas de las regiones de Los R\u00edos y de Los Lagos.<\/p>\n\n\n\n<p>Para m\u00e1s informaci\u00f3n ingrese a la p\u00e1gina web del Proyecto Biog\u00e1s Lechero&nbsp;<a href=\"http:\/\/www.minenergia.cl\/biogaslechero\/\" target=\"_blank\" rel=\"noreferrer noopener\">aqu\u00ed<\/a>.<\/p>\n\n\n<div class=\"wp-block-image\">\n<figure class=\"alignleft is-resized\"><img loading=\"lazy\" decoding=\"async\" width=\"658\" height=\"869\" src=\"https:\/\/autoconsumo.minenergia.cl\/wp-content\/uploads\/2017\/08\/portada.jpg\" alt=\"\" class=\"wp-image-1162\" style=\"width:166px;height:auto\" srcset=\"https:\/\/autoconsumo.minenergia.cl\/wp-content\/uploads\/2017\/08\/portada.jpg 658w, https:\/\/autoconsumo.minenergia.cl\/wp-content\/uploads\/2017\/08\/portada-227x300.jpg 227w\" sizes=\"auto, (max-width: 658px) 100vw, 658px\" \/><\/figure><\/div>\n\n\n<p>Art\u00edculo del proyecto Biog\u00e1s Lechero para la Asociaci\u00f3n Alemana de Biog\u00e1s en revista Biogas Journal, Oto\u00f1o 2017.&nbsp;<a href=\"https:\/\/autoconsumo.minenergia.cl\/wp-content\/uploads\/2017\/08\/Publicacion-Biogas.pdf\">Descargue aqu\u00ed.<\/a><\/p>\n\n\n\n<p><\/p>\n\n\n\n<p><\/p>\n\n\n\n<p><\/p>\n\n\n\n<h2 class=\"wp-block-heading\">Proyecto Biog\u00e1s en la Industria Porcina<\/h2>\n\n\n\n<p>El \u201cPrograma de Transformaci\u00f3n Tecnol\u00f3gica Energ\u00e9tica y Ambiental para el Segmento Pyme de la industria porcina\u201d fue liderado por la Agencia de Cambio Clim\u00e1tico y Sustentabilidad (ACCS) con recursos transferidos por CORFO. Tiene por objetivo acercar a las Pymes del sector porcino a las mejores alternativas t\u00e9cnicas y econ\u00f3micas para el tratamiento de residuos, poniendo especial \u00e9nfasis en la tecnolog\u00eda de digesti\u00f3n anaer\u00f3bica, para solucionar sus problemas ambientales permiti\u00e9ndoles generar energ\u00eda a partir del biog\u00e1s.<\/p>\n\n\n\n<p>El proyecto se inici\u00f3 en enero del 2017, y se evalu\u00f3 la factibilidad de desarrollar proyectos de biog\u00e1s con los purines de cerdo en planteles entre las regiones de Valpara\u00edso y de La Araucan\u00eda.<\/p>\n\n\n\n<p>El proyecto fue implementando por ACCS en conjunto con ASPROCER (Asociaci\u00f3n de Productores de Cerdos), la Pontificia Universidad Cat\u00f3lica de Valpara\u00edso y la Universidad T\u00e9cnica Federico Santa Mar\u00eda.&nbsp; El Ministerio de Energ\u00eda particip\u00f3 en este proyecto como miembro del Comit\u00e9 Asesor,&nbsp;junto a representantes del Servicio Agr\u00edcola y Ganadero, Ministerio de Salud, y Ministerio de Medio Ambiente.<\/p>\n","protected":false},"excerpt":{"rendered":"<p>Proyecto Biog\u00e1s Lechero El Ministerio de Energ\u00eda lider\u00f3 el proyecto, financiado por el GEF, denominado \u201cPromoviendo el desarrollo de la energ\u00eda a biog\u00e1s en peque\u00f1as y medianas agroindustrias seleccionadas\u201d con el apoyo de Organizaci\u00f3n de Naciones Unidas para el Desarrollo Industrial (ONUDI). El proyecto tiene por&nbsp;objetivo&nbsp;reducir las emisiones de gases de efecto invernadero promoviendo la [&hellip;]<\/p>\n","protected":false},"author":7,"featured_media":0,"parent":0,"menu_order":0,"comment_status":"closed","ping_status":"closed","template":"","meta":{"footnotes":""},"class_list":["post-3440","page","type-page","status-publish","hentry"],"_links":{"self":[{"href":"https:\/\/autoconsumo.minenergia.cl\/index.php?rest_route=\/wp\/v2\/pages\/3440","targetHints":{"allow":["GET"]}}],"collection":[{"href":"https:\/\/autoconsumo.minenergia.cl\/index.php?rest_route=\/wp\/v2\/pages"}],"about":[{"href":"https:\/\/autoconsumo.minenergia.cl\/index.php?rest_route=\/wp\/v2\/types\/page"}],"author":[{"embeddable":true,"href":"https:\/\/autoconsumo.minenergia.cl\/index.php?rest_route=\/wp\/v2\/users\/7"}],"replies":[{"embeddable":true,"href":"https:\/\/autoconsumo.minenergia.cl\/index.php?rest_route=%2Fwp%2Fv2%2Fcomments&post=3440"}],"version-history":[{"count":3,"href":"https:\/\/autoconsumo.minenergia.cl\/index.php?rest_route=\/wp\/v2\/pages\/3440\/revisions"}],"predecessor-version":[{"id":3791,"href":"https:\/\/autoconsumo.minenergia.cl\/index.php?rest_route=\/wp\/v2\/pages\/3440\/revisions\/3791"}],"wp:attachment":[{"href":"https:\/\/autoconsumo.minenergia.cl\/index.php?rest_route=%2Fwp%2Fv2%2Fmedia&parent=3440"}],"curies":[{"name":"wp","href":"https:\/\/api.w.org\/{rel}","templated":true}]}}

<h2 class="wp-block-heading">Proyecto Biogás Lechero</h2>



<figure class="wp-block-image"><a href="http://www.minenergia.cl/biogaslechero/" target="_blank" rel="noreferrer noopener"><img loading="lazy" decoding="async" width="321" height="101" src="https://autoconsumo.minenergia.cl/wp-content/uploads/2017/08/baner_biogas_lechero.png" alt="" class="wp-image-599" srcset="https://autoconsumo.minenergia.cl/wp-content/uploads/2017/08/baner_biogas_lechero.png 321w, https://autoconsumo.minenergia.cl/wp-content/uploads/2017/08/baner_biogas_lechero-300x94.png 300w, https://autoconsumo.minenergia.cl/wp-content/uploads/2017/08/baner_biogas_lechero-320x101.png 320w" sizes="auto, (max-width: 321px) 100vw, 321px" /></a></figure>



<p>El Ministerio de Energía lideró el proyecto, financiado por el GEF, denominado “Promoviendo el desarrollo de la energía a biogás en pequeñas y medianas agroindustrias seleccionadas” con el apoyo de Organización de Naciones Unidas para el Desarrollo Industrial (ONUDI).</p>



<p>El proyecto tiene por&nbsp;objetivo&nbsp;reducir las emisiones de gases de efecto invernadero promoviendo la inversión y el desarrollo del mercado de tecnologías de energía a biogás en PYMES del sector lechero, al mismo tiempo aumentar el conocimiento de estas tecnologías y el rol que pueden tener en el abastecimiento de energía limpia y segura a largo plazo. En este marco, se evaluó la factibilidad de desarrollar proyectos de biogás con los purines de los animales de las lecherías medianas de las regiones de Los Ríos y de Los Lagos.</p>



<p>Para más información ingrese a la página web del Proyecto Biogás Lechero&nbsp;<a href="http://www.minenergia.cl/biogaslechero/" target="_blank" rel="noreferrer noopener">aquí</a>.</p>


<div class="wp-block-image">
<figure class="alignleft is-resized"><img loading="lazy" decoding="async" width="658" height="869" src="https://autoconsumo.minenergia.cl/wp-content/uploads/2017/08/portada.jpg" alt="" class="wp-image-1162" style="width:166px;height:auto" srcset="https://autoconsumo.minenergia.cl/wp-content/uploads/2017/08/portada.jpg 658w, https://autoconsumo.minenergia.cl/wp-content/uploads/2017/08/portada-227x300.jpg 227w" sizes="auto, (max-width: 658px) 100vw, 658px" /></figure></div>


<p>Artículo del proyecto Biogás Lechero para la Asociación Alemana de Biogás en revista Biogas Journal, Otoño 2017.&nbsp;<a href="https://autoconsumo.minenergia.cl/wp-content/uploads/2017/08/Publicacion-Biogas.pdf">Descargue aquí.</a></p>



<p></p>



<p></p>



<p></p>



<h2 class="wp-block-heading">Proyecto Biogás en la Industria Porcina</h2>



<p>El “Programa de Transformación Tecnológica Energética y Ambiental para el Segmento Pyme de la industria porcina” fue liderado por la Agencia de Cambio Climático y Sustentabilidad (ACCS) con recursos transferidos por CORFO. Tiene por objetivo acercar a las Pymes del sector porcino a las mejores alternativas técnicas y económicas para el tratamiento de residuos, poniendo especial énfasis en la tecnología de digestión anaeróbica, para solucionar sus problemas ambientales permitiéndoles generar energía a partir del biogás.</p>



<p>El proyecto se inició en enero del 2017, y se evaluó la factibilidad de desarrollar proyectos de biogás con los purines de cerdo en planteles entre las regiones de Valparaíso y de La Araucanía.</p>



<p>El proyecto fue implementando por ACCS en conjunto con ASPROCER (Asociación de Productores de Cerdos), la Pontificia Universidad Católica de Valparaíso y la Universidad Técnica Federico Santa María.&nbsp; El Ministerio de Energía participó en este proyecto como miembro del Comité Asesor,&nbsp;junto a representantes del Servicio Agrícola y Ganadero, Ministerio de Salud, y Ministerio de Medio Ambiente.</p>

<p>Proyecto Biogás Lechero El Ministerio de Energía lideró el proyecto, financiado por el GEF, denominado “Promoviendo el desarrollo de la energía a biogás en pequeñas y medianas agroindustrias seleccionadas” con el apoyo de Organización de Naciones Unidas para el Desarrollo Industrial (ONUDI). El proyecto tiene por&nbsp;objetivo&nbsp;reducir las emisiones de gases de efecto invernadero promoviendo la [&hellip;]</p>
