{"id":3448,"date":"2024-12-11T13:38:33","date_gmt":"2024-12-11T13:38:33","guid":{"rendered":"https:\/\/autoconsumo.minenergia.cl\/?page_id=3448"},"modified":"2024-12-16T19:17:32","modified_gmt":"2024-12-16T19:17:32","slug":"7-1-aspectos-tecnicos-y-economicos","status":"publish","type":"page","link":"https:\/\/autoconsumo.minenergia.cl\/?page_id=3448","title":{"rendered":"7.1 Aspectos t\u00e9cnicos y econ\u00f3micos\u00a0&#8211; Minihidro"},"content":{"rendered":"\n<h2 class=\"wp-block-heading\"><strong>Proveedores Minihidro<\/strong><\/h2>\n\n\n\n<p>El Cat\u00e1logo de Proveedores Minihidro, es una herramienta que ha sido elaborada por el Ministerio de Energ\u00eda y la Comisi\u00f3n Nacional de Riego, con el fin de facilitar informaci\u00f3n sobre la oferta de equipos y servicios para iniciativas de generaci\u00f3n hidroel\u00e9ctrica de peque\u00f1a escala. En ning\u00fan caso, significa una recomendaci\u00f3n directa de los proveedores presentados.<\/p>\n\n\n\n<p>Descargar el&nbsp;<a href=\"https:\/\/www.minenergia.cl\/archivos_bajar\/Catalogo_21agosto.pdf\" target=\"_blank\" rel=\"noreferrer noopener\">Cat\u00e1logo de Proveedores Mini Hidro Chile<\/a>.<\/p>\n\n\n\n<h2 class=\"wp-block-heading\">Dise\u00f1o<\/h2>\n\n\n\n<p>Para el dise\u00f1o de una central microhidro se deben considerar dos elementos b\u00e1sicos:<\/p>\n\n\n\n<ul class=\"wp-block-list\">\n<li>Diferencia de cota (carga bruta)<\/li>\n\n\n\n<li>Caudal (cantidad de agua por unidad de tiempo)<\/li>\n<\/ul>\n\n\n\n<p>Dependiendo de las caracter\u00edsticas propias del sitio donde se emplazar\u00e1 la central, se definir\u00e1 el tipo de turbina a utilizar.<\/p>\n\n\n\n<p>Una gu\u00eda para el dise\u00f1o adecuado de estos sistemas de generaci\u00f3n fue elaborada por el Ministerio de Energ\u00eda en conjunto con la <a href=\"https:\/\/www.cnr.gob.cl\/temas-transversales\/energias-renovables-en-riego\/minihidro\/\" target=\"_blank\" rel=\"noreferrer noopener\">Comisi\u00f3n Nacional de Riego.<\/a>&nbsp;<\/p>\n\n\n\n<h2 class=\"wp-block-heading\">Principales componentes<\/h2>\n\n\n\n<p>Las figuras siguientes muestran un emplazamiento t\u00edpico de central de pasada con sus componentes principales.<\/p>\n\n\n\n<figure class=\"wp-block-image size-full\"><img loading=\"lazy\" decoding=\"async\" width=\"809\" height=\"536\" src=\"https:\/\/autoconsumo.minenergia.cl\/wp-content\/uploads\/2024\/12\/image-9.png\" alt=\"\" class=\"wp-image-3577\" srcset=\"https:\/\/autoconsumo.minenergia.cl\/wp-content\/uploads\/2024\/12\/image-9.png 809w, https:\/\/autoconsumo.minenergia.cl\/wp-content\/uploads\/2024\/12\/image-9-300x199.png 300w, https:\/\/autoconsumo.minenergia.cl\/wp-content\/uploads\/2024\/12\/image-9-768x509.png 768w, https:\/\/autoconsumo.minenergia.cl\/wp-content\/uploads\/2024\/12\/image-9-660x437.png 660w\" sizes=\"auto, (max-width: 809px) 100vw, 809px\" \/><\/figure>\n\n\n\n<figure class=\"wp-block-image size-full\"><img loading=\"lazy\" decoding=\"async\" width=\"798\" height=\"509\" src=\"https:\/\/autoconsumo.minenergia.cl\/wp-content\/uploads\/2024\/12\/image-10.png\" alt=\"\" class=\"wp-image-3579\" srcset=\"https:\/\/autoconsumo.minenergia.cl\/wp-content\/uploads\/2024\/12\/image-10.png 798w, https:\/\/autoconsumo.minenergia.cl\/wp-content\/uploads\/2024\/12\/image-10-300x191.png 300w, https:\/\/autoconsumo.minenergia.cl\/wp-content\/uploads\/2024\/12\/image-10-768x490.png 768w, https:\/\/autoconsumo.minenergia.cl\/wp-content\/uploads\/2024\/12\/image-10-660x421.png 660w\" sizes=\"auto, (max-width: 798px) 100vw, 798px\" \/><\/figure>\n\n\n\n<p>Figuras: Componentes de una central microhidro. Fuente: Enertec SpA, 2016.<\/p>\n\n\n\n<p>Los componentes de una central hidroel\u00e9ctrica corresponden a las obras civiles asociadas (bocatoma, desarenador, desripiador, canal de aducci\u00f3n, c\u00e1mara de carga, tuber\u00eda de presi\u00f3n, casa de m\u00e1quinas, canal de restituci\u00f3n), el equipamiento electromec\u00e1nico (turbina, generador, regulador, v\u00e1lvulas, tableros de fuerza y control) y el sistema el\u00e9ctrico (transformadores, l\u00edneas de sub-transmisi\u00f3n, redes de distribuci\u00f3n).&nbsp;En la casa de m\u00e1quinas se encontrar\u00e1 la turbina y el generador.<\/p>\n\n\n\n<p>Informaci\u00f3n para implementar Obras de riego con microcentrales hidroel\u00e9ctricas, se puede encontrar en el siguiente&nbsp;<a href=\"https:\/\/www.cnr.gob.cl\/temas-transversales\/energias-renovables-en-riego\/minihidro\/\" target=\"_blank\" rel=\"noreferrer noopener\">sitio.<\/a><\/p>\n\n\n\n<h3 class=\"wp-block-heading\">Tipos de Centrales Hidroel\u00e9ctricas<\/h3>\n\n\n\n<p>De acuerdo a la legislaci\u00f3n vigente y a trav\u00e9s de la Ley 20.257, que introdujo modificaciones a la Ley General de Servicios El\u00e9ctricos respecto de la generaci\u00f3n de energ\u00eda el\u00e9ctrica con fuentes de energ\u00edas renovables no convencionales, se estableci\u00f3 para la energ\u00eda hidr\u00e1ulica el l\u00edmite de potencia m\u00e1xima inferior a 20 MW, la cual ha sido denominada como peque\u00f1as centrales hidroel\u00e9ctricas<\/p>\n\n\n\n<p><strong>Microhidros y Picohidros<\/strong><\/p>\n\n\n\n<p>Mediante Resoluci\u00f3n Exenta N\u00ba 17951, del 23 de marzo de 2017, de la Superintendencia de Electricidad y Combustibles, que regula el dise\u00f1o y ejecuci\u00f3n de las instalaciones de centrales hidroel\u00e9ctricas conectadas a la red de distribuci\u00f3n, se\u00f1al\u00f3 que los sistemas hidroel\u00e9ctricos de potencias menores o iguales a 100kW, se clasifican seg\u00fan la siguiente forma: microhidro cuyas potencias (P) se encuentran en el rango de 5kW&lt;P&lt;100kW y picohidros en el rango de potencias menores a 5kW.<\/p>\n\n\n\n<p>Por otra parte, los Concursos de la Ley de Fomento al Riego y Drenaje, mediante la Ley 18,450, denomin\u00f3 a las centrales microhidros, a aquellas cuya capacidad instalada inferior a 300kW, son utilizadas para autoconsumo y conectadas a red de distribuci\u00f3n, conforma a la Ley 21.118 de Generaci\u00f3n Distribuida.<\/p>\n\n\n\n<h4 class=\"wp-block-heading\"><strong>Video Microcentral&nbsp; Hidroel\u00e9ctrica Dosal<\/strong><\/h4>\n\n\n\n<p><a href=\"https:\/\/autoconsumo.minenergia.cl\/wp-content\/uploads\/2017\/10\/8.-Microcentral-Dosal.mp4?_=1\">https:\/\/autoconsumo.minenergia.cl\/wp-content\/uploads\/2017\/10\/8.-Microcentral-Dosal.mp4?_=1<\/a><\/p>\n\n\n\n<div class=\"wp-block-group is-nowrap is-layout-flex wp-container-core-group-is-layout-ad2f72ca wp-block-group-is-layout-flex\"><\/div>\n\n\n\n<h4 class=\"wp-block-heading\"><strong>Video Microcentral Hidroel\u00e9ctrica&nbsp; Menentu\u00e9<\/strong><\/h4>\n\n\n\n<p><a href=\"https:\/\/autoconsumo.minenergia.cl\/wp-content\/uploads\/2017\/10\/9.-Microcentral-Meneteue.m4v?_=2\">https:\/\/autoconsumo.minenergia.cl\/wp-content\/uploads\/2017\/10\/9.-Microcentral-Meneteue.m4v?_=2<\/a><\/p>\n\n\n\n<iframe loading=\"lazy\" width=\"560\" height=\"315\" src=\"https:\/\/www.youtube.com\/embed\/gjUb6k3xRhM?si=QXtY8_yejWQx2gdU\" title=\"YouTube video player\" frameborder=\"0\" allow=\"accelerometer; autoplay; clipboard-write; encrypted-media; gyroscope; picture-in-picture; web-share\" referrerpolicy=\"strict-origin-when-cross-origin\" allowfullscreen><\/iframe>\n\n\n\n<p>Video: Mini Hidro &#8211; Ministerio de Energ\u00eda<\/p>\n\n\n\n<p><\/p>\n","protected":false},"excerpt":{"rendered":"<p>Proveedores Minihidro El Cat\u00e1logo de Proveedores Minihidro, es una herramienta que ha sido elaborada por el Ministerio de Energ\u00eda y la Comisi\u00f3n Nacional de Riego, con el fin de facilitar informaci\u00f3n sobre la oferta de equipos y servicios para iniciativas de generaci\u00f3n hidroel\u00e9ctrica de peque\u00f1a escala. En ning\u00fan caso, significa una recomendaci\u00f3n directa de los [&hellip;]<\/p>\n","protected":false},"author":7,"featured_media":0,"parent":0,"menu_order":0,"comment_status":"closed","ping_status":"closed","template":"","meta":{"footnotes":""},"class_list":["post-3448","page","type-page","status-publish","hentry"],"_links":{"self":[{"href":"https:\/\/autoconsumo.minenergia.cl\/index.php?rest_route=\/wp\/v2\/pages\/3448","targetHints":{"allow":["GET"]}}],"collection":[{"href":"https:\/\/autoconsumo.minenergia.cl\/index.php?rest_route=\/wp\/v2\/pages"}],"about":[{"href":"https:\/\/autoconsumo.minenergia.cl\/index.php?rest_route=\/wp\/v2\/types\/page"}],"author":[{"embeddable":true,"href":"https:\/\/autoconsumo.minenergia.cl\/index.php?rest_route=\/wp\/v2\/users\/7"}],"replies":[{"embeddable":true,"href":"https:\/\/autoconsumo.minenergia.cl\/index.php?rest_route=%2Fwp%2Fv2%2Fcomments&post=3448"}],"version-history":[{"count":6,"href":"https:\/\/autoconsumo.minenergia.cl\/index.php?rest_route=\/wp\/v2\/pages\/3448\/revisions"}],"predecessor-version":[{"id":3792,"href":"https:\/\/autoconsumo.minenergia.cl\/index.php?rest_route=\/wp\/v2\/pages\/3448\/revisions\/3792"}],"wp:attachment":[{"href":"https:\/\/autoconsumo.minenergia.cl\/index.php?rest_route=%2Fwp%2Fv2%2Fmedia&parent=3448"}],"curies":[{"name":"wp","href":"https:\/\/api.w.org\/{rel}","templated":true}]}}