{"id":816,"date":"2017-10-04T15:06:46","date_gmt":"2017-10-04T15:06:46","guid":{"rendered":"http:\/\/localhost\/autoconsumo\/?page_id=816"},"modified":"2018-01-26T15:53:29","modified_gmt":"2018-01-26T15:53:29","slug":"precio","status":"publish","type":"page","link":"https:\/\/autoconsumo.minenergia.cl\/?page_id=816","title":{"rendered":"Precios"},"content":{"rendered":"<p>El Ministerio de Energ\u00eda cuenta con informaci\u00f3n de los precios de los sistemas solares fotovoltaicos que se han implementado a trav\u00e9s del Programa Techos Solares P\u00fablicos. Las licitaciones adjudicadas tienen un rango de tama\u00f1o de las plantas fotovoltaicas que va desde los 5kWp hasta los 280 kWp. A noviembre de 2017, el precio m\u00e1s alto adjudicado fue de 2.444.337\u00a0 $\/kWp (sin IVA) para una planta de 5 kWp, y el precio m\u00e1s bajo fue de 603.992 $\/kWp (sin IVA) para una planta de 160 kWp.<\/p>\n<p><span style=\"font-size: 10pt;\"><strong>Tabla: Precio de adjudicaci\u00f3n de algunos proyectos implementados por el Programa Techos Solares P\u00fablicos.<br \/>\n<\/strong><\/span><img loading=\"lazy\" decoding=\"async\" class=\"alignnone wp-image-1831\" src=\"https:\/\/autoconsumo.minenergia.cl\/wp-content\/uploads\/2017\/10\/tabla-ptsp.jpg\" alt=\"\" width=\"752\" height=\"206\" srcset=\"https:\/\/autoconsumo.minenergia.cl\/wp-content\/uploads\/2017\/10\/tabla-ptsp.jpg 924w, https:\/\/autoconsumo.minenergia.cl\/wp-content\/uploads\/2017\/10\/tabla-ptsp-300x82.jpg 300w, https:\/\/autoconsumo.minenergia.cl\/wp-content\/uploads\/2017\/10\/tabla-ptsp-768x210.jpg 768w, https:\/\/autoconsumo.minenergia.cl\/wp-content\/uploads\/2017\/10\/tabla-ptsp-660x181.jpg 660w\" sizes=\"auto, (max-width: 752px) 100vw, 752px\" \/><br \/>\n<span style=\"font-size: 10pt;\"><strong>Fuente: Programa de Techos Solares P\u00fablicos.<\/strong><\/span><\/p>\n<p>En el Reporte de Costos de Adjudicaci\u00f3n Programa Techos Solares P\u00fablicos encontrar\u00e1 informaci\u00f3n sobre costos y condiciones de los proyectos fotovoltaicos. <a href=\"http:\/\/www.minenergia.cl\/techossolares\/wp-content\/uploads\/2017\/02\/Reporte-de-Costos-de-Adjudicacion.pdf\">Descargar aqu\u00ed.<\/a><\/p>\n<p>Otra fuente de informaci\u00f3n que realiza la Nama de Autoconsumo\u00a0 por parte del Ministerio de Energ\u00eda y GIZ, es el \u00cdndice de Precios de Sistemas Fotovoltaicos. A continuaci\u00f3n se muestran los rangos de precio para sistemas FV conectados a la red en Chile (llave en mano), los cuales fueron extra\u00eddos de una encuesta realizada a proveedores fotovoltaicos con experiencia en la conexi\u00f3n de plantas bajo net billing.\u00a0Descargar el estudio \u00cdndice de Precios de Sistemas Fotovoltaicos <a href=\"https:\/\/autoconsumo.minenergia.cl\/wp-content\/uploads\/2017\/10\/GIZ-Indice-de-precio-FV-2017.pdf\" target=\"_blank\" rel=\"noopener noreferrer\">aqu\u00ed<\/a>.<\/p>\n<p><span style=\"font-size: 10pt;\"><strong>Tabla: Precio neto estimado de sistemas fotovoltaicos conectados a la red.\u00a0<\/strong><\/span><br \/>\n<img loading=\"lazy\" decoding=\"async\" class=\"alignnone wp-image-1832\" src=\"https:\/\/autoconsumo.minenergia.cl\/wp-content\/uploads\/2017\/10\/Tabla-indice-de-precios.jpg\" alt=\"\" width=\"663\" height=\"205\" srcset=\"https:\/\/autoconsumo.minenergia.cl\/wp-content\/uploads\/2017\/10\/Tabla-indice-de-precios.jpg 845w, https:\/\/autoconsumo.minenergia.cl\/wp-content\/uploads\/2017\/10\/Tabla-indice-de-precios-300x93.jpg 300w, https:\/\/autoconsumo.minenergia.cl\/wp-content\/uploads\/2017\/10\/Tabla-indice-de-precios-768x237.jpg 768w, https:\/\/autoconsumo.minenergia.cl\/wp-content\/uploads\/2017\/10\/Tabla-indice-de-precios-660x204.jpg 660w\" sizes=\"auto, (max-width: 663px) 100vw, 663px\" \/><br \/>\n<strong><span style=\"font-size: 10pt;\">Nota: La informaci\u00f3n es a diciembre\u00a0de 2017.\u00a0<\/span><span style=\"font-size: 10pt;\">Fuente: GIZ y Ministerio de Energ\u00eda, 2017.<\/span><\/strong><\/p>\n<p>&nbsp;<\/p>\n","protected":false},"excerpt":{"rendered":"<p>El Ministerio de Energ\u00eda cuenta con informaci\u00f3n de los precios de los sistemas solares fotovoltaicos que se han implementado a trav\u00e9s del Programa Techos Solares P\u00fablicos. Las licitaciones adjudicadas tienen un rango de tama\u00f1o de las plantas fotovoltaicas que va desde los 5kWp hasta los 280 kWp. A noviembre de 2017, el precio m\u00e1s alto [&hellip;]<\/p>\n","protected":false},"author":3,"featured_media":0,"parent":66,"menu_order":0,"comment_status":"closed","ping_status":"closed","template":"","meta":{"footnotes":""},"class_list":["post-816","page","type-page","status-publish","hentry"],"_links":{"self":[{"href":"https:\/\/autoconsumo.minenergia.cl\/index.php?rest_route=\/wp\/v2\/pages\/816","targetHints":{"allow":["GET"]}}],"collection":[{"href":"https:\/\/autoconsumo.minenergia.cl\/index.php?rest_route=\/wp\/v2\/pages"}],"about":[{"href":"https:\/\/autoconsumo.minenergia.cl\/index.php?rest_route=\/wp\/v2\/types\/page"}],"author":[{"embeddable":true,"href":"https:\/\/autoconsumo.minenergia.cl\/index.php?rest_route=\/wp\/v2\/users\/3"}],"replies":[{"embeddable":true,"href":"https:\/\/autoconsumo.minenergia.cl\/index.php?rest_route=%2Fwp%2Fv2%2Fcomments&post=816"}],"version-history":[{"count":10,"href":"https:\/\/autoconsumo.minenergia.cl\/index.php?rest_route=\/wp\/v2\/pages\/816\/revisions"}],"predecessor-version":[{"id":1551,"href":"https:\/\/autoconsumo.minenergia.cl\/index.php?rest_route=\/wp\/v2\/pages\/816\/revisions\/1551"}],"up":[{"embeddable":true,"href":"https:\/\/autoconsumo.minenergia.cl\/index.php?rest_route=\/wp\/v2\/pages\/66"}],"wp:attachment":[{"href":"https:\/\/autoconsumo.minenergia.cl\/index.php?rest_route=%2Fwp%2Fv2%2Fmedia&parent=816"}],"curies":[{"name":"wp","href":"https:\/\/api.w.org\/{rel}","templated":true}]}}