{"id":985,"date":"2017-10-30T14:12:59","date_gmt":"2017-10-30T14:12:59","guid":{"rendered":"http:\/\/localhost\/autoconsumo\/?page_id=985"},"modified":"2018-01-24T16:01:58","modified_gmt":"2018-01-24T16:01:58","slug":"tipos-de-bombas-de-calor-aerotermicas","status":"publish","type":"page","link":"https:\/\/autoconsumo.minenergia.cl\/?page_id=985","title":{"rendered":"Tipos de bombas de calor aerot\u00e9rmicas"},"content":{"rendered":"<p>En general las bombas de calor aerot\u00e9rmicas, que bordean los 60\u00b0C de temperatura m\u00e1xima, son utilizadas en calefacci\u00f3n y calentamiento de agua sanitaria (ACS), aportando la energ\u00eda del consumo base. Cuando existen consumos extras como per\u00edodos punta e imprevistos, se puede apoyar en equipo auxiliar de generaci\u00f3n de calor como calderas o calefones a base de combusti\u00f3n.<\/p>\n<p>Las bombas de calor se pueden agrupar por su configuraci\u00f3n y uso:<\/p>\n<p><strong>Bombas de Calor Split<\/strong>: son las bombas de calor utilizadas para aire acondicionado y calefacci\u00f3n que cuentan el intercambiador con aire ambiente y mayor\u00eda del sistema fuera del recinto, manteniendo en el recinto el intercambiador con aire interno.<\/p>\n<p><strong>\u00a0<\/strong><strong>Sistemas compactos y murales:<\/strong> son las bombas de calor utilizadas para aire acondicionado y calefacci\u00f3n que por su forma cerrada se instalan directamente en muros y ventanas o se utilizan manteniendo un ducto de intercambio con el aire exterior.<\/p>\n<p><img loading=\"lazy\" decoding=\"async\" class=\"alignnone size-full wp-image-986\" src=\"https:\/\/autoconsumo.minenergia.cl\/wp-content\/uploads\/2017\/10\/bomba-de-calor01.jpg\" alt=\"\" width=\"300\" height=\"225\" \/><\/p>\n<p><strong>Bomba de calor para ACS: <\/strong>son las bombas de calor utilizadas para calentamiento de ACS residencial. En general esta bomba se incluye como un solo elemento junto con el estanque de almacenamiento de agua caliente.<\/p>\n<p><strong>Sistemas centralizados: <\/strong>Sistemas de bombas de calor donde los equipos se encuentran en un espacio propio para ellos, y desde aqu\u00ed se realiza la distribuci\u00f3n de calor para ACS, calefacci\u00f3n o procesos industriales.<\/p>\n<p><img loading=\"lazy\" decoding=\"async\" class=\"alignnone wp-image-988\" src=\"https:\/\/autoconsumo.minenergia.cl\/wp-content\/uploads\/2017\/10\/bomba-de-calor03.jpg\" alt=\"\" width=\"292\" height=\"373\" srcset=\"https:\/\/autoconsumo.minenergia.cl\/wp-content\/uploads\/2017\/10\/bomba-de-calor03.jpg 510w, https:\/\/autoconsumo.minenergia.cl\/wp-content\/uploads\/2017\/10\/bomba-de-calor03-235x300.jpg 235w\" sizes=\"auto, (max-width: 292px) 100vw, 292px\" \/><\/p>\n<p>Ejemplo de una bomba de calor aerot\u00e9rmica para calefacci\u00f3n de aire residencial. La potencia t\u00e9rmica instalada es de 3.5 kWt, con una inversi\u00f3n: 500 mil CLP.<\/p>\n<p><img loading=\"lazy\" decoding=\"async\" class=\"alignnone size-full wp-image-990\" src=\"https:\/\/autoconsumo.minenergia.cl\/wp-content\/uploads\/2017\/10\/bomba-de-calor04.jpg\" alt=\"\" width=\"360\" height=\"227\" srcset=\"https:\/\/autoconsumo.minenergia.cl\/wp-content\/uploads\/2017\/10\/bomba-de-calor04.jpg 360w, https:\/\/autoconsumo.minenergia.cl\/wp-content\/uploads\/2017\/10\/bomba-de-calor04-300x189.jpg 300w\" sizes=\"auto, (max-width: 360px) 100vw, 360px\" \/><\/p>\n<p><span style=\"font-size: 10pt;\"><strong>Figura: Diagrama de funcionamiento de una bomba de calor para el calentamiento de agua caliente sanitaria.<br \/>\n<\/strong><strong>Fuente: IDAE, 2015.<\/strong><\/span><\/p>\n","protected":false},"excerpt":{"rendered":"<p>En general las bombas de calor aerot\u00e9rmicas, que bordean los 60\u00b0C de temperatura m\u00e1xima, son utilizadas en calefacci\u00f3n y calentamiento de agua sanitaria (ACS), aportando la energ\u00eda del consumo base. Cuando existen consumos extras como per\u00edodos punta e imprevistos, se puede apoyar en equipo auxiliar de generaci\u00f3n de calor como calderas o calefones a base [&hellip;]<\/p>\n","protected":false},"author":3,"featured_media":0,"parent":84,"menu_order":0,"comment_status":"closed","ping_status":"closed","template":"","meta":{"footnotes":""},"class_list":["post-985","page","type-page","status-publish","hentry"],"_links":{"self":[{"href":"https:\/\/autoconsumo.minenergia.cl\/index.php?rest_route=\/wp\/v2\/pages\/985","targetHints":{"allow":["GET"]}}],"collection":[{"href":"https:\/\/autoconsumo.minenergia.cl\/index.php?rest_route=\/wp\/v2\/pages"}],"about":[{"href":"https:\/\/autoconsumo.minenergia.cl\/index.php?rest_route=\/wp\/v2\/types\/page"}],"author":[{"embeddable":true,"href":"https:\/\/autoconsumo.minenergia.cl\/index.php?rest_route=\/wp\/v2\/users\/3"}],"replies":[{"embeddable":true,"href":"https:\/\/autoconsumo.minenergia.cl\/index.php?rest_route=%2Fwp%2Fv2%2Fcomments&post=985"}],"version-history":[{"count":3,"href":"https:\/\/autoconsumo.minenergia.cl\/index.php?rest_route=\/wp\/v2\/pages\/985\/revisions"}],"predecessor-version":[{"id":1808,"href":"https:\/\/autoconsumo.minenergia.cl\/index.php?rest_route=\/wp\/v2\/pages\/985\/revisions\/1808"}],"up":[{"embeddable":true,"href":"https:\/\/autoconsumo.minenergia.cl\/index.php?rest_route=\/wp\/v2\/pages\/84"}],"wp:attachment":[{"href":"https:\/\/autoconsumo.minenergia.cl\/index.php?rest_route=%2Fwp%2Fv2%2Fmedia&parent=985"}],"curies":[{"name":"wp","href":"https:\/\/api.w.org\/{rel}","templated":true}]}}